{"id":49,"date":"2018-01-23T08:19:40","date_gmt":"2018-01-23T07:19:40","guid":{"rendered":"https:\/\/reisen.reudnitzer-reisen.com\/sri-lanka\/?page_id=49"},"modified":"2018-06-13T14:40:11","modified_gmt":"2018-06-13T12:40:11","slug":"leistungen","status":"publish","type":"page","link":"https:\/\/reisen.reudnitzer-reisen.com\/sri-lanka\/leistungen\/","title":{"rendered":"Leistungen"},"content":{"rendered":"<div id=\"pl-49\"  class=\"panel-layout\" ><div id=\"pg-49-0\"  class=\"panel-grid panel-no-style\" ><div id=\"pgc-49-0-0\"  class=\"panel-grid-cell\" ><div id=\"panel-49-0-0-0\" class=\"so-panel widget widget_text panel-first-child panel-last-child\" data-index=\"0\" ><h3 class=\"widget-title\">Leistungen der Gruppenreise, die \u00fcberzeugen<\/h3>\t\t\t<div class=\"textwidget\"><p>&nbsp;<\/p>\n<p>\u00b7 Linienflug mit Austrian Airlines ab Leipzig in Economy Class nach Colombo<img loading=\"lazy\" decoding=\"async\" class=\"alignright size-medium wp-image-18\" src=\"https:\/\/reisen.reudnitzer-reisen.com\/sri-lanka\/wp-content\/uploads\/sites\/4\/2018\/01\/buddha-1709021-300x200.jpg\" alt=\"\" width=\"300\" height=\"200\" srcset=\"https:\/\/reisen.reudnitzer-reisen.com\/sri-lanka\/wp-content\/uploads\/sites\/4\/2018\/01\/buddha-1709021-300x200.jpg 300w, https:\/\/reisen.reudnitzer-reisen.com\/sri-lanka\/wp-content\/uploads\/sites\/4\/2018\/01\/buddha-1709021-768x512.jpg 768w, https:\/\/reisen.reudnitzer-reisen.com\/sri-lanka\/wp-content\/uploads\/sites\/4\/2018\/01\/buddha-1709021-1024x682.jpg 1024w, https:\/\/reisen.reudnitzer-reisen.com\/sri-lanka\/wp-content\/uploads\/sites\/4\/2018\/01\/buddha-1709021.jpg 2000w\" sizes=\"(max-width: 300px) 100vw, 300px\" \/><br \/>\nund zur\u00fcck inklusive aller aktuellen Steuern und Geb\u00fchren (\u00c4nderungen m\u00f6glich)<\/p>\n<p>\u00b7 14 \u00dcbernachtungen mit Halbpension Bereich &#8222;Hotels&#8220; genannten Mittel-klasse-Hotels (o.\u00e4.)<\/p>\n<p>\u00b7 Ausfl\u00fcge und Besichtigungen mit ALLEN Eintritts-geldern laut Programm<\/p>\n<p>\u00b7Eintrittsgelder f\u00fcr:<\/p>\n<ul>\n<li>Anuradhapura, Sri Maha Bodhi, Sigiriya, Polonnaruwa, Dambulla, Zahntempel, Elefantenwaisenhaus Pinnawala, botanischer Garten, in Peradeniya und Jeep Safari, im Yala National Park<\/li>\n<\/ul>\n<p>\u00b7 Alle Transfers und Fahrten in modernen, klimatisierten Fahrzeugen | \u00b7 \u00f6rtliche deutschsprachige Reiseleitung | \u00b7 Infomaterial<\/p>\n<\/div>\n\t\t<\/div><\/div><\/div><div id=\"pg-49-1\"  class=\"panel-grid panel-no-style\" ><div id=\"pgc-49-1-0\"  class=\"panel-grid-cell\" ><div id=\"panel-49-1-0-0\" class=\"so-panel widget widget_text panel-first-child panel-last-child\" data-index=\"1\" ><h3 class=\"widget-title\">Voraussichtliche Flugverbindungen<\/h3>\t\t\t<div class=\"textwidget\"><p>&nbsp;<\/p>\n<p><strong>Fl\u00fcge mit Austrian Airlines (OS) <\/strong>(Abflug voraus. Dienstags, R\u00fcckflug Mittwochs)<\/p>\n<p>Leipzig \u2013 Wien 08:10-09:30 \u00b7 Wien \u2013 Colombo 17:50-07:25+1<br \/>\nColombo \u2013 Wien 10:05-16:00 \u00b7 Wien \u2013 Leipzig 17:35-18:55<\/p>\n<\/div>\n\t\t<\/div><\/div><\/div><div id=\"pg-49-2\"  class=\"panel-grid panel-no-style\" ><div id=\"pgc-49-2-0\"  class=\"panel-grid-cell\" ><div id=\"panel-49-2-0-0\" class=\"so-panel widget widget_text panel-first-child panel-last-child\" data-index=\"2\" ><h3 class=\"widget-title\">Voraussichtliche Hotels (o.\u00e4.):<\/h3>\t\t\t<div class=\"textwidget\"><p>&nbsp;<\/p>\n<p><strong>3 N\u00e4chte Negombo: Beacon Neach Hotel<\/strong><br \/>\nhttp:\/\/beacon.lk\/<br \/>\nHotel: Das Hotel liegt direkt am Strand in der Touristengegend von Negombo. Entfernung zum Flughafen betr\u00e4gt<br \/>\n9,8 km und zur Stadt nur 4 km. Essens- und Einkaufsm\u00f6glichkeiten sind nur wenige Gehminuten entfernt.<\/p>\n<p><strong>3 N\u00e4chte Habarana: Saunter Paradise Resort<\/strong><br \/>\nhttp:\/\/www.saunterparadisehotel.com\/<br \/>\nAusstattung: Kostenloses Highspeed-Internet (WLAN),<br \/>\nPool, Zimmerservice, Restaurant, Bar\/Lounge<br \/>\noder<br \/>\n<strong>Kassapa Lions Rock<\/strong><br \/>\nhttps:\/\/www.kassapalionsrock.com\/<br \/>\nHotel: Das 3-Sterne Kassapa Lions Rock Resort bietet<br \/>\neinen komfortablen Startpunkt f\u00fcr Kultur- und Shopping-interessierte nach Sigiriya.<\/p>\n<p><strong>2 N\u00e4chte Kandy: Serene Grand Hotel<br \/>\n<\/strong>http:\/\/www.serenegrandhotel.com\/<br \/>\nHotel: Inmitten der reizvollen Vegetation eines angelegten Gartens erwartet Sie in Kandy das Serene Grand mit atemberaubender Aussicht auf die umliegende gr\u00fcne Landschaft.<\/p>\n<p><strong>1 Nacht Nuwara Eliya: Qantara Hotel<\/strong><br \/>\nhttp:\/\/www.qantara.lk\/<br \/>\nHotel: Das Qantara Hotel Nuwaraeliya befindet sich nur<br \/>\n800 m von den ber\u00fchmten Golfpl\u00e4tzen Nuwara Eliya Golf Club und Royal Colombo Golf Club entfernt und bietet ein Spa- und Wellnesscenter.<\/p>\n<p><strong>1 Nacht Tissa\/Yala: Hibiscus Garden Hotel<\/strong><br \/>\nhttp:\/\/www.hibiscus-garden.com\/<br \/>\nHotel: Inmitten wundersch\u00f6ner tropischer Natur gelegen, fernab vom Massentourismus, bietet Ihnen das Hibiscus Garden Hotel einen hervorragenden Ausgangspunkt f\u00fcr erlebnisreiche Ausfl\u00fcge.<\/p>\n<p><strong>4 N\u00e4chte Kalutara: Coco Royal Beach Hotel<\/strong><br \/>\nhttp:\/\/www.cocoroyalbeach.com\/<br \/>\nHotel: Das 4 Sterne Hotel liegt nur 1 Gehminute vom<br \/>\nStrand entfernt. Bis nach Colombo sind es 43 km.<\/p>\n<p><strong>Termin 06.11.- 21.11.18<\/strong><br \/>\n<strong>14 \u00dcbernachtungen im DZ mit Halbpension \u20ac\/p.P. 2.145,-<\/strong><br \/>\n<strong>Einzelzimmerzuschlag: \u20ac 435,-<\/strong><\/p>\n<p>&nbsp;<\/p>\n<\/div>\n\t\t<\/div><\/div><\/div><\/div>","protected":false},"excerpt":{"rendered":"<p>Leistungen der Gruppenreise, die \u00fcberzeugen &nbsp; \u00b7 Linienflug mit Austrian Airlines ab Leipzig in Economy Class nach Colombo und zur\u00fcck inklusive aller aktuellen Steuern und Geb\u00fchren (\u00c4nderungen m\u00f6glich) \u00b7 14 \u00dcbernachtungen mit Halbpension Bereich &#8222;Hotels&#8220; genannten Mittel-klasse-Hotels (o.\u00e4.) \u00b7 Ausfl\u00fcge <a href=\"https:\/\/reisen.reudnitzer-reisen.com\/sri-lanka\/leistungen\/\"> more&#8230;<\/a><\/p>\n","protected":false},"author":1,"featured_media":0,"parent":0,"menu_order":0,"comment_status":"closed","ping_status":"closed","template":"","meta":{"footnotes":""},"_links":{"self":[{"href":"https:\/\/reisen.reudnitzer-reisen.com\/sri-lanka\/wp-json\/wp\/v2\/pages\/49"}],"collection":[{"href":"https:\/\/reisen.reudnitzer-reisen.com\/sri-lanka\/wp-json\/wp\/v2\/pages"}],"about":[{"href":"https:\/\/reisen.reudnitzer-reisen.com\/sri-lanka\/wp-json\/wp\/v2\/types\/page"}],"author":[{"embeddable":true,"href":"https:\/\/reisen.reudnitzer-reisen.com\/sri-lanka\/wp-json\/wp\/v2\/users\/1"}],"replies":[{"embeddable":true,"href":"https:\/\/reisen.reudnitzer-reisen.com\/sri-lanka\/wp-json\/wp\/v2\/comments?post=49"}],"version-history":[{"count":23,"href":"https:\/\/reisen.reudnitzer-reisen.com\/sri-lanka\/wp-json\/wp\/v2\/pages\/49\/revisions"}],"predecessor-version":[{"id":185,"href":"https:\/\/reisen.reudnitzer-reisen.com\/sri-lanka\/wp-json\/wp\/v2\/pages\/49\/revisions\/185"}],"wp:attachment":[{"href":"https:\/\/reisen.reudnitzer-reisen.com\/sri-lanka\/wp-json\/wp\/v2\/media?parent=49"}],"curies":[{"name":"wp","href":"https:\/\/api.w.org\/{rel}","templated":true}]}}