{"id":831,"date":"2020-01-22T09:17:54","date_gmt":"2020-01-22T08:17:54","guid":{"rendered":"https:\/\/reisen.reudnitzer-reisen.com\/reiseberichte\/?page_id=831"},"modified":"2020-04-15T16:29:25","modified_gmt":"2020-04-15T14:29:25","slug":"reisebericht-msc-meraviglia-daenemark-suednorwegen","status":"publish","type":"page","link":"https:\/\/reisen.reudnitzer-reisen.com\/reiseberichte\/kerstin-kaestner\/reisebericht-msc-meraviglia-daenemark-suednorwegen\/","title":{"rendered":"Reisebericht MSC Meraviglia &#8211; D\u00e4nemark\/S\u00fcdnorwegen"},"content":{"rendered":"<div id=\"pl-831\"  class=\"panel-layout\" ><div id=\"pg-831-0\"  class=\"panel-grid panel-no-style\" ><div id=\"pgc-831-0-0\"  class=\"panel-grid-cell\" ><div id=\"panel-831-0-0-0\" class=\"so-panel widget widget_media_image panel-first-child panel-last-child\" data-index=\"0\" ><a href=\"https:\/\/reisen.reudnitzer-reisen.com\/reiseberichte\/wp-content\/uploads\/sites\/11\/2020\/01\/Schiff.jpg\"><img loading=\"lazy\" decoding=\"async\" width=\"900\" height=\"600\" src=\"https:\/\/reisen.reudnitzer-reisen.com\/reiseberichte\/wp-content\/uploads\/sites\/11\/2020\/01\/Schiff.jpg\" class=\"image wp-image-835  attachment-full size-full\" alt=\"\" style=\"max-width: 100%; height: auto;\" srcset=\"https:\/\/reisen.reudnitzer-reisen.com\/reiseberichte\/wp-content\/uploads\/sites\/11\/2020\/01\/Schiff.jpg 900w, https:\/\/reisen.reudnitzer-reisen.com\/reiseberichte\/wp-content\/uploads\/sites\/11\/2020\/01\/Schiff-300x200.jpg 300w, https:\/\/reisen.reudnitzer-reisen.com\/reiseberichte\/wp-content\/uploads\/sites\/11\/2020\/01\/Schiff-768x512.jpg 768w, https:\/\/reisen.reudnitzer-reisen.com\/reiseberichte\/wp-content\/uploads\/sites\/11\/2020\/01\/Schiff-272x182.jpg 272w\" sizes=\"(max-width: 900px) 100vw, 900px\" \/><\/a><\/div><\/div><div id=\"pgc-831-0-1\"  class=\"panel-grid-cell\" ><div id=\"panel-831-0-1-0\" class=\"so-panel widget widget_media_image panel-first-child panel-last-child\" data-index=\"1\" ><a href=\"https:\/\/reisen.reudnitzer-reisen.com\/reiseberichte\/wp-content\/uploads\/sites\/11\/2020\/01\/Promenade.jpg\"><img loading=\"lazy\" decoding=\"async\" width=\"900\" height=\"600\" src=\"https:\/\/reisen.reudnitzer-reisen.com\/reiseberichte\/wp-content\/uploads\/sites\/11\/2020\/01\/Promenade.jpg\" class=\"image wp-image-836  attachment-full size-full\" alt=\"\" style=\"max-width: 100%; height: auto;\" srcset=\"https:\/\/reisen.reudnitzer-reisen.com\/reiseberichte\/wp-content\/uploads\/sites\/11\/2020\/01\/Promenade.jpg 900w, https:\/\/reisen.reudnitzer-reisen.com\/reiseberichte\/wp-content\/uploads\/sites\/11\/2020\/01\/Promenade-300x200.jpg 300w, https:\/\/reisen.reudnitzer-reisen.com\/reiseberichte\/wp-content\/uploads\/sites\/11\/2020\/01\/Promenade-768x512.jpg 768w, https:\/\/reisen.reudnitzer-reisen.com\/reiseberichte\/wp-content\/uploads\/sites\/11\/2020\/01\/Promenade-272x182.jpg 272w\" sizes=\"(max-width: 900px) 100vw, 900px\" \/><\/a><\/div><\/div><div id=\"pgc-831-0-2\"  class=\"panel-grid-cell\" ><div id=\"panel-831-0-2-0\" class=\"so-panel widget widget_media_image panel-first-child panel-last-child\" data-index=\"2\" ><a href=\"https:\/\/reisen.reudnitzer-reisen.com\/reiseberichte\/wp-content\/uploads\/sites\/11\/2020\/01\/Kabine.jpg\"><img loading=\"lazy\" decoding=\"async\" width=\"900\" height=\"600\" src=\"https:\/\/reisen.reudnitzer-reisen.com\/reiseberichte\/wp-content\/uploads\/sites\/11\/2020\/01\/Kabine.jpg\" class=\"image wp-image-837  attachment-full size-full\" alt=\"\" style=\"max-width: 100%; height: auto;\" srcset=\"https:\/\/reisen.reudnitzer-reisen.com\/reiseberichte\/wp-content\/uploads\/sites\/11\/2020\/01\/Kabine.jpg 900w, https:\/\/reisen.reudnitzer-reisen.com\/reiseberichte\/wp-content\/uploads\/sites\/11\/2020\/01\/Kabine-300x200.jpg 300w, https:\/\/reisen.reudnitzer-reisen.com\/reiseberichte\/wp-content\/uploads\/sites\/11\/2020\/01\/Kabine-768x512.jpg 768w, https:\/\/reisen.reudnitzer-reisen.com\/reiseberichte\/wp-content\/uploads\/sites\/11\/2020\/01\/Kabine-272x182.jpg 272w\" sizes=\"(max-width: 900px) 100vw, 900px\" \/><\/a><\/div><\/div><\/div><div id=\"pg-831-1\"  class=\"panel-grid panel-no-style\" ><div id=\"pgc-831-1-0\"  class=\"panel-grid-cell\" ><div id=\"panel-831-1-0-0\" class=\"so-panel widget widget_text panel-first-child panel-last-child\" data-index=\"3\" >\t\t\t<div class=\"textwidget\"><p><b><u>Schiffsinformationen<\/u><\/b><\/p>\n<p>Im Mai 2019 ging es f\u00fcr mich auf eines der neuesten und gr\u00f6\u00dften Schiffe von MSC, die MSC Meraviglia. Ich war am Anfang sehr skeptisch aufgrund der Gr\u00f6\u00dfe und der Vielzahl an Passagieren &#8211; MSC hat dies aber gut im Griff und es verteilt sich gut.<br \/>\nDas Publikum ist international.<br \/>\nDas innere Bordleben spielt sich komplett auf Deck 6 und 7 ab! Entspricht, denke ich dem amerikanischen Bordleben. Das klassische Kreuzfahrtfeeling kommt da meiner Meinung nach wenig r\u00fcber. Das \u00e4u\u00dfere Bordleben erlebt man dann auf Deck 15-18, sofern das Wetter mitspielt.<br \/>\nBei MSC lohnt sich auf jeden Fall ein Getr\u00e4nkepaket, die Preise f\u00fcr die Getr\u00e4nke an Bord sind schon nicht ohne (Kaffee, Cappuchino 3.50\u20ac \u00b7 Pepsi, Mirinda 3.00\u20ac \u00b7 Cocktail 8-10,50\u20ac, Radler 5,50\u20ac \u00b7 Glas Sekt 6,50\u20ac \u00b7 alkoholfreie Cocktails ab 5\u20ac + ZZGL.15% Servicepauschale). Sinnvoll ist es, das Getr\u00e4nkepaket vorab zu buchen, da dies g\u00fcnstiger ist.<br \/>\nDas Essen war sehr gut &#8211; die Buffetts wurden st\u00e4ndig nachgef\u00fcllt und auch abends \u00e1 la Carte konnte jeder etwas finden. Deko zum Essen, wie man es bei klassischen Kreuzfahrten hat, haben wir in der Woche einmal gesehen.<br \/>\nAn den Seetagen gab es \u201eGala Essen\u201c: der Tisch wird h\u00fcbscher dekoriert, Essenskarte waren ein paar Gerichte mehr, ansonsten kein Unterschied zu den anderen Tagen.<br \/>\nDie Shows an den Abenden sind wirklich toll &#8211; besonders zu empfehlen ist Cirque du Soleil. Hier muss man sich verbindlich anmelden und kann zwischen zwei exklusiven Shows w\u00e4hlen. In den Bars auf Deck 6 und 7 gab es jeden Abend Live Musik, die Dome-Shows in der \u00fcberdachten Innenpromenade mit dem 480 m\u00b2 LED-Himmel sind auch sehr zu empfehlen!<br \/>\nAuf Deck 16 gibt es einen Eventbereich mit Bowlingbahn, Formel-Eins-Simulator, 4D Kino, und Flugsimulator (alles mit Aufpreis).<\/p>\n<\/div>\n\t\t<\/div><\/div><\/div><div id=\"pg-831-2\"  class=\"panel-grid panel-no-style\" ><div id=\"pgc-831-2-0\"  class=\"panel-grid-cell\" ><div id=\"panel-831-2-0-0\" class=\"so-panel widget widget_media_image panel-first-child panel-last-child\" data-index=\"4\" ><a href=\"https:\/\/reisen.reudnitzer-reisen.com\/reiseberichte\/wp-content\/uploads\/sites\/11\/2020\/01\/NE052_VC_bc_d.jpg\"><img loading=\"lazy\" decoding=\"async\" width=\"300\" height=\"198\" src=\"https:\/\/reisen.reudnitzer-reisen.com\/reiseberichte\/wp-content\/uploads\/sites\/11\/2020\/01\/NE052_VC_bc_d-300x198.jpg\" class=\"image wp-image-844  attachment-medium size-medium\" alt=\"\" style=\"max-width: 100%; height: auto;\" srcset=\"https:\/\/reisen.reudnitzer-reisen.com\/reiseberichte\/wp-content\/uploads\/sites\/11\/2020\/01\/NE052_VC_bc_d-300x198.jpg 300w, https:\/\/reisen.reudnitzer-reisen.com\/reiseberichte\/wp-content\/uploads\/sites\/11\/2020\/01\/NE052_VC_bc_d.jpg 400w\" sizes=\"(max-width: 300px) 100vw, 300px\" \/><\/a><\/div><\/div><div id=\"pgc-831-2-1\"  class=\"panel-grid-cell\" ><div id=\"panel-831-2-1-0\" class=\"so-panel widget widget_media_image panel-first-child panel-last-child\" data-index=\"5\" ><a href=\"https:\/\/reisen.reudnitzer-reisen.com\/reiseberichte\/wp-content\/uploads\/sites\/11\/2020\/01\/Kopenhagen.jpg\"><img loading=\"lazy\" decoding=\"async\" width=\"300\" height=\"200\" src=\"https:\/\/reisen.reudnitzer-reisen.com\/reiseberichte\/wp-content\/uploads\/sites\/11\/2020\/01\/Kopenhagen-300x200.jpg\" class=\"image wp-image-843  attachment-medium size-medium\" alt=\"\" style=\"max-width: 100%; height: auto;\" srcset=\"https:\/\/reisen.reudnitzer-reisen.com\/reiseberichte\/wp-content\/uploads\/sites\/11\/2020\/01\/Kopenhagen-300x200.jpg 300w, https:\/\/reisen.reudnitzer-reisen.com\/reiseberichte\/wp-content\/uploads\/sites\/11\/2020\/01\/Kopenhagen-272x182.jpg 272w, https:\/\/reisen.reudnitzer-reisen.com\/reiseberichte\/wp-content\/uploads\/sites\/11\/2020\/01\/Kopenhagen.jpg 400w\" sizes=\"(max-width: 300px) 100vw, 300px\" \/><\/a><\/div><\/div><div id=\"pgc-831-2-2\"  class=\"panel-grid-cell\" ><div id=\"panel-831-2-2-0\" class=\"so-panel widget widget_media_image panel-first-child panel-last-child\" data-index=\"6\" ><a href=\"https:\/\/reisen.reudnitzer-reisen.com\/reiseberichte\/wp-content\/uploads\/sites\/11\/2020\/01\/Kopenhagen2.jpg\"><img loading=\"lazy\" decoding=\"async\" width=\"300\" height=\"200\" src=\"https:\/\/reisen.reudnitzer-reisen.com\/reiseberichte\/wp-content\/uploads\/sites\/11\/2020\/01\/Kopenhagen2-300x200.jpg\" class=\"image wp-image-842  attachment-medium size-medium\" alt=\"\" style=\"max-width: 100%; height: auto;\" srcset=\"https:\/\/reisen.reudnitzer-reisen.com\/reiseberichte\/wp-content\/uploads\/sites\/11\/2020\/01\/Kopenhagen2-300x200.jpg 300w, https:\/\/reisen.reudnitzer-reisen.com\/reiseberichte\/wp-content\/uploads\/sites\/11\/2020\/01\/Kopenhagen2-272x182.jpg 272w, https:\/\/reisen.reudnitzer-reisen.com\/reiseberichte\/wp-content\/uploads\/sites\/11\/2020\/01\/Kopenhagen2.jpg 400w\" sizes=\"(max-width: 300px) 100vw, 300px\" \/><\/a><\/div><\/div><div id=\"pgc-831-2-3\"  class=\"panel-grid-cell\" ><div id=\"panel-831-2-3-0\" class=\"so-panel widget widget_media_image panel-first-child panel-last-child\" data-index=\"7\" ><a href=\"https:\/\/reisen.reudnitzer-reisen.com\/reiseberichte\/wp-content\/uploads\/sites\/11\/2020\/01\/Norwegen.jpg\"><img loading=\"lazy\" decoding=\"async\" width=\"300\" height=\"200\" src=\"https:\/\/reisen.reudnitzer-reisen.com\/reiseberichte\/wp-content\/uploads\/sites\/11\/2020\/01\/Norwegen-300x200.jpg\" class=\"image wp-image-841  attachment-medium size-medium\" alt=\"\" style=\"max-width: 100%; height: auto;\" srcset=\"https:\/\/reisen.reudnitzer-reisen.com\/reiseberichte\/wp-content\/uploads\/sites\/11\/2020\/01\/Norwegen-300x200.jpg 300w, https:\/\/reisen.reudnitzer-reisen.com\/reiseberichte\/wp-content\/uploads\/sites\/11\/2020\/01\/Norwegen-272x182.jpg 272w, https:\/\/reisen.reudnitzer-reisen.com\/reiseberichte\/wp-content\/uploads\/sites\/11\/2020\/01\/Norwegen.jpg 400w\" sizes=\"(max-width: 300px) 100vw, 300px\" \/><\/a><\/div><\/div><\/div><div id=\"pg-831-3\"  class=\"panel-grid panel-no-style\" ><div id=\"pgc-831-3-0\"  class=\"panel-grid-cell\" ><div id=\"panel-831-3-0-0\" class=\"so-panel widget widget_text panel-first-child\" data-index=\"8\" >\t\t\t<div class=\"textwidget\"><p><b><u>Hafeninformationen<\/u><\/b><\/p>\n<p><b>Kiel<\/b><br \/>\nDie MSC Meraviglia lag bei uns am Ostuferhafen. Wenn man mit dem Zug ankommt, steht vor dem Hbf. ein MSC Stand. Dort kann man sich einen Transferbus f\u00fcr 5\u20ac pro Strecke buchen und man wird mit dem Bus direkt zur Einschiffungshalle vom Schiff gebracht. Wir haben die andere Variante ausprobiert, weil ich es einfach mal wissen wollte. Vom Hauptbahnhof geht man in 5 Minuten (zwar mit Koffer) zum F\u00e4hranleger und man kann von dort kostenlos nach Kiel-Dittrichsdorf \u00fcbersetzen; dort stehen dann Hafenbusse bereit und man wird zum MSC Einschiffungsterminal gebracht. Hier wird man sein Gep\u00e4ck los, bekommt seine Kabinenkarte und es geht mit einem weiteren Hafentransfer zum Schiff. F\u00fcr diese Anreisevariante haben wir fast 90min gebraucht! Diejenigen die den Parkshuttle buchen, fahren zum ausgewiesenen Parkplatz und werden von dort zum Ostufer gebracht.<\/p>\n<p><b>Kopenhagen<\/b><br \/>\nIn Kopenhagen liegt MSC im neuen Hafengebiet! Man kann zu Fu\u00df in 90min bis zur Meerjungfrau laufen &#8211; es ist also schon eine recht lange Strecke. Die Hop on Hop off Busse halten direkt vorm Schiff. Man kann hier ohne Probleme noch sein Ticket kaufen. Seitens MSC wird ein Transfer f\u00fcr 12,90\u20ac (Hin-und R\u00fcckfahrt) angeboten, da wird man zentral in N\u00e4he Nyhaven hingefahren und von dort kann man alles selbst sehr gut zu Fu\u00df erkunden. F\u00fcr diesen Transfer bekommt man am Vorabend vom Ausflugsb\u00fcro Karten auf die Kabine gelegt und wenn man diesen nutzen m\u00f6chte, f\u00fcllt man die Karte aus und gibt diese unten am Transferbus ab! Dies haben wir gemacht. Zus\u00e4tzlich haben wir haben eine Kanalfahrt (eine Stunde f\u00fcr umgerechnet 15\u20ac) mitgemacht und haben alles Weitere zu Fu\u00df erkundet (Schlo\u00df Christiansborg, Nyhaven, Rosenburg, Mamorkirche, Regierungssitz, Hafengebiet). Man kann alles in \u20ac zahlen, bekommt halt das Wechselgeld in d\u00e4nische Kronen zur\u00fcck. Sehr gut ist es auch sich vor Ort ein Fahrrad auszuleihen; 8\u20ac am Tag und man radelt durch die Stadt.<\/p>\n<p><b>Geiranger<\/b><br \/>\nHier gibt es mittlerweile eine ausfahrbare Gangway, so dass wir zu Fu\u00df vom Schiff herunter konnten und nicht mehr tendern mussten. Je nach Reederei wird aber auch noch getendert. Vormittags hatten wir recht starken Nebel, erst am Nachmittag wurde es klarer &#8211; also wenn m\u00f6glich Nachmittagsausflug buchen oder vor Ort entscheiden. In Geiranger selbst gibt es im Hafen eine gute Touristeninfo, wo man auch Ausflugsfahrten\/Bootsfahrten buchen konnte. Hop on Hop off gibt es ebenso. Wir waren wandern! In Geiranger kann man allein zum Fjordmuseum hoch laufen. Wie gesagt, wir hatten uns vorher im Netz eine Karte mit Wanderwegen ausgedruckt und sind 5 Stunden zum Aussichtspunkt Vesterasfjellet + Geiranger Ort hin- und zur\u00fcck als Runde gewandert. Wanderwege waren gut ausgeschildert.<\/p>\n<p><b>Falm<\/b><br \/>\nAuch hier lagen wir fu\u00dfl\u00e4ufig im Hafen. Flam ist ein kleiner \u00fcberschaubarer Ort. Im Hafen gibt es eine gro\u00dfe Touristeninfo und hier liegt auch gleich der Bahnhof der Flam-Bahn. Wir sind fr\u00fch zum Brekkefossen-Wasserfall gewandert und sind \u00fcber Flam langsam zum Schiff (ca. 4h) zur\u00fcck. Mit der Flambahn-Fahrkarte kann man hoch nach Myrdal fahren (dauert ca. 1h) &#8211; kann ich nur jeden empfehlen. In der Bahn wird alles Wichtige in Deutsch mit angezeigt; man braucht keinen Reiseleiter! Hier gibt es verschiedene Wander- und Fahrradm\u00f6glichkeiten. Im Hafen selbst fahren Kleinbusse zu verschiedenen Aussichtspunkten. Wer nicht gut zu Fu\u00df ist, kann mit einem Minizug den Ort erkunden.<\/p>\n<p><b>Stavanger<\/b><br \/>\nAuch hier haben wir zentral in der Stadt gelegen, so dass man ohne Probleme ohne Reiseleitung die Stadt erkunden kann. Wir wollten eigentlich mit dem Schiff zum Preikestolen fahren. Im Mai legt das Schiff aber nur einmal am Tag dorthin ab und dadurch haben wir es zeitlich nicht geschafft. Auch waren viele Kneipen und Boutiquen noch zu; es war halt Vorsaison. Stavanger erkundeten wir mit dem alten Teil und Hafengebiet also auf eigene Faust und da wir bis in die Abendstunden Zeit hatten, entschlossen wir uns das Naturschutzgebiet \u201eMosvatnet\u201c zu umrunden. Rund um Stavanger kann man viele Fjordfahrten machen. Im Sommer starten diese zentral vom Hafen aus 3-4mal am Tag.<\/p>\n<\/div>\n\t\t<\/div><div id=\"panel-831-3-0-1\" class=\"so-panel widget widget_text panel-last-child\" data-index=\"9\" >\t\t\t<div class=\"textwidget\"><p>&nbsp;<\/p>\n<p><b>M\u00f6chten Sie n\u00e4here Informationen zu einer Kreuzfahrt mit MSC? Dann vereinbaren Sie mit Ihren Reiseberater einen Termin, wir freuen uns auf Sie!<\/b><\/p>\n<\/div>\n\t\t<\/div><\/div><\/div><\/div>","protected":false},"excerpt":{"rendered":"<p>Schiffsinformationen Im Mai 2019 ging es f\u00fcr mich auf eines der neuesten und gr\u00f6\u00dften Schiffe von MSC, die MSC Meraviglia. Ich war am Anfang sehr skeptisch aufgrund der Gr\u00f6\u00dfe und der Vielzahl an Passagieren &#8211; MSC hat dies aber gut <a href=\"https:\/\/reisen.reudnitzer-reisen.com\/reiseberichte\/kerstin-kaestner\/reisebericht-msc-meraviglia-daenemark-suednorwegen\/\"> more&#8230;<\/a><\/p>\n","protected":false},"author":3,"featured_media":0,"parent":345,"menu_order":0,"comment_status":"closed","ping_status":"closed","template":"","meta":{"footnotes":""},"_links":{"self":[{"href":"https:\/\/reisen.reudnitzer-reisen.com\/reiseberichte\/wp-json\/wp\/v2\/pages\/831"}],"collection":[{"href":"https:\/\/reisen.reudnitzer-reisen.com\/reiseberichte\/wp-json\/wp\/v2\/pages"}],"about":[{"href":"https:\/\/reisen.reudnitzer-reisen.com\/reiseberichte\/wp-json\/wp\/v2\/types\/page"}],"author":[{"embeddable":true,"href":"https:\/\/reisen.reudnitzer-reisen.com\/reiseberichte\/wp-json\/wp\/v2\/users\/3"}],"replies":[{"embeddable":true,"href":"https:\/\/reisen.reudnitzer-reisen.com\/reiseberichte\/wp-json\/wp\/v2\/comments?post=831"}],"version-history":[{"count":17,"href":"https:\/\/reisen.reudnitzer-reisen.com\/reiseberichte\/wp-json\/wp\/v2\/pages\/831\/revisions"}],"predecessor-version":[{"id":972,"href":"https:\/\/reisen.reudnitzer-reisen.com\/reiseberichte\/wp-json\/wp\/v2\/pages\/831\/revisions\/972"}],"up":[{"embeddable":true,"href":"https:\/\/reisen.reudnitzer-reisen.com\/reiseberichte\/wp-json\/wp\/v2\/pages\/345"}],"wp:attachment":[{"href":"https:\/\/reisen.reudnitzer-reisen.com\/reiseberichte\/wp-json\/wp\/v2\/media?parent=831"}],"curies":[{"name":"wp","href":"https:\/\/api.w.org\/{rel}","templated":true}]}}