{"id":22,"date":"2019-03-08T15:04:02","date_gmt":"2019-03-08T14:04:02","guid":{"rendered":"https:\/\/reisen.reudnitzer-reisen.com\/reiseberichte\/?page_id=22"},"modified":"2020-01-21T14:57:18","modified_gmt":"2020-01-21T13:57:18","slug":"reisebericht-teneriffa-la-palma","status":"publish","type":"page","link":"https:\/\/reisen.reudnitzer-reisen.com\/reiseberichte\/maria-hoeselbarth\/reisebericht-teneriffa-la-palma\/","title":{"rendered":"Reisebericht Teneriffa &amp; La Palma"},"content":{"rendered":"<div id=\"pl-22\"  class=\"panel-layout\" ><div id=\"pg-22-0\"  class=\"panel-grid panel-no-style\" ><div id=\"pgc-22-0-0\"  class=\"panel-grid-cell\" ><div id=\"panel-22-0-0-0\" class=\"so-panel widget widget_text panel-first-child panel-last-child\" data-index=\"0\" >\t\t\t<div class=\"textwidget\"><p><strong><em>Teneriffa<\/em><\/strong><\/p>\n<p>Generell haben die Kanaren (Hoteliers &amp; Regierung) in den letzten Jahren sehr viel investiert, die Hotels wurden renoviert oder auch neu erbaut und die Infrastruktur verbessert, man schaut heute viel mehr auf Nachhaltigkeit und f\u00e4ngt bei den kleinsten G\u00e4sten (HOVIMA La Pinta, Miniclub) schon an sie f\u00fcr das Thema Umwelt und Naturschutz zu sensibilisieren!<\/p>\n<p><strong>48%<\/strong> von Teneriffa stehen unter Naturschutz, \u00fcber 400 Vulkane auf der Insel<br \/>\n<strong>65%<\/strong> der Einnahmen kommen aus dem Tourismussektor, aber nur 3% von Teneriffa sind Touristengebiet<br \/>\n<strong>12km<\/strong> lange Promenade von der Playa de las Americas bis zur Costa Adeje, sehr sch\u00f6n!!!<\/p>\n<p>Auf den Kanaren leben sehr viele Venezolaner. Venezuela wird auch als 8. Kanarische Insel angesehen und es stehen immer Nachrichten aus dem Land in der Zeitung, 1496 sind viele Venezolaner nach Spanien immigriert und w\u00e4hrend der Francodiktatur war es dann andersherum \u2013 die Spanier sind nach Venezuela ausgewandert und sp\u00e4ter zur\u00fcckgekehrt, es gibt sogar einen Direktflug von Gran Canaria nach Caracas.<\/p>\n<\/div>\n\t\t<\/div><\/div><\/div><div id=\"pg-22-1\"  class=\"panel-grid panel-no-style\" ><div id=\"pgc-22-1-0\"  class=\"panel-grid-cell\" ><div id=\"panel-22-1-0-0\" class=\"so-panel widget widget_media_image panel-first-child panel-last-child\" data-index=\"1\" ><a href=\"https:\/\/reisen.reudnitzer-reisen.com\/reiseberichte\/wp-content\/uploads\/sites\/11\/2019\/03\/tenerife-2047229_1280.jpg\"><img loading=\"lazy\" decoding=\"async\" width=\"730\" height=\"411\" src=\"https:\/\/reisen.reudnitzer-reisen.com\/reiseberichte\/wp-content\/uploads\/sites\/11\/2019\/03\/tenerife-2047229_1280-1024x576.jpg\" class=\"image wp-image-157  attachment-large size-large\" alt=\"\" style=\"max-width: 100%; height: auto;\" srcset=\"https:\/\/reisen.reudnitzer-reisen.com\/reiseberichte\/wp-content\/uploads\/sites\/11\/2019\/03\/tenerife-2047229_1280-1024x576.jpg 1024w, https:\/\/reisen.reudnitzer-reisen.com\/reiseberichte\/wp-content\/uploads\/sites\/11\/2019\/03\/tenerife-2047229_1280-300x169.jpg 300w, https:\/\/reisen.reudnitzer-reisen.com\/reiseberichte\/wp-content\/uploads\/sites\/11\/2019\/03\/tenerife-2047229_1280-768x432.jpg 768w, https:\/\/reisen.reudnitzer-reisen.com\/reiseberichte\/wp-content\/uploads\/sites\/11\/2019\/03\/tenerife-2047229_1280.jpg 1280w\" sizes=\"(max-width: 730px) 100vw, 730px\" \/><\/a><\/div><\/div><div id=\"pgc-22-1-1\"  class=\"panel-grid-cell\" ><div id=\"panel-22-1-1-0\" class=\"so-panel widget widget_media_image panel-first-child panel-last-child\" data-index=\"2\" ><a href=\"https:\/\/reisen.reudnitzer-reisen.com\/reiseberichte\/wp-content\/uploads\/sites\/11\/2019\/03\/teneriffepark.jpg\"><img loading=\"lazy\" decoding=\"async\" width=\"768\" height=\"432\" src=\"https:\/\/reisen.reudnitzer-reisen.com\/reiseberichte\/wp-content\/uploads\/sites\/11\/2019\/03\/teneriffepark.jpg\" class=\"image wp-image-164  attachment-full size-full\" alt=\"\" style=\"max-width: 100%; height: auto;\" srcset=\"https:\/\/reisen.reudnitzer-reisen.com\/reiseberichte\/wp-content\/uploads\/sites\/11\/2019\/03\/teneriffepark.jpg 768w, https:\/\/reisen.reudnitzer-reisen.com\/reiseberichte\/wp-content\/uploads\/sites\/11\/2019\/03\/teneriffepark-300x169.jpg 300w\" sizes=\"(max-width: 768px) 100vw, 768px\" \/><\/a><\/div><\/div><div id=\"pgc-22-1-2\"  class=\"panel-grid-cell\" ><div id=\"panel-22-1-2-0\" class=\"so-panel widget widget_media_image panel-first-child panel-last-child\" data-index=\"3\" ><a href=\"https:\/\/reisen.reudnitzer-reisen.com\/reiseberichte\/wp-content\/uploads\/sites\/11\/2019\/03\/teneriffebucht.jpg\"><img loading=\"lazy\" decoding=\"async\" width=\"768\" height=\"432\" src=\"https:\/\/reisen.reudnitzer-reisen.com\/reiseberichte\/wp-content\/uploads\/sites\/11\/2019\/03\/teneriffebucht.jpg\" class=\"image wp-image-165  attachment-full size-full\" alt=\"\" style=\"max-width: 100%; height: auto;\" srcset=\"https:\/\/reisen.reudnitzer-reisen.com\/reiseberichte\/wp-content\/uploads\/sites\/11\/2019\/03\/teneriffebucht.jpg 768w, https:\/\/reisen.reudnitzer-reisen.com\/reiseberichte\/wp-content\/uploads\/sites\/11\/2019\/03\/teneriffebucht-300x169.jpg 300w\" sizes=\"(max-width: 768px) 100vw, 768px\" \/><\/a><\/div><\/div><\/div><div id=\"pg-22-2\"  class=\"panel-grid panel-no-style\" ><div id=\"pgc-22-2-0\"  class=\"panel-grid-cell\" ><div id=\"panel-22-2-0-0\" class=\"so-panel widget widget_text panel-first-child\" data-index=\"4\" >\t\t\t<div class=\"textwidget\"><p><strong>HOVIMA Hotels<\/strong>: auf diese Hotelkette kann man sich verlassen, hier passt alles soweit und es gibt f\u00fcr alle Anspr\u00fcche das richtige Hotel, HOVIMA bedeutet \u00fcbrigens Hoteles Vista Mar<\/p>\n<p><strong>Ausflugstipps<\/strong>:<\/p>\n<ul>\n<li>Whalewatching (ab Puerto Col\u00f3n): zwischen Teneriffa &amp; La Gomera leben ca. 500 Pilotwale st\u00e4ndig, sodass die Chancen immer recht gut sind sie zu sehen (auch wir hatten das Gl\u00fcck)<\/li>\n<li>Teide bei Nacht mit der Finca Alma de Trevejos!<\/li>\n<li>Surferstrand Socorro<\/li>\n<\/ul>\n<hr \/>\n<p><strong><em>La Palma<\/em><\/strong><\/p>\n<p>Vom Flughafen Teneriffa Nord sind wir dann nach La Palma r\u00fcbergeflogen. Der Flughafen TFN ist total entspannt, alles l\u00e4uft organisiert und p\u00fcnktlich. Absolut empfehlen kann man einen Inlandsflug mit Binter!!! Bei Binter gibt es sogar bei 30 Min. Flugzeit einen Snack &amp; Getr\u00e4nk!<\/p>\n<p>La Palma ist definitiv eine Insel f\u00fcr Naturliebhaber und Wanderer und wird auch Bananeninsel genannt.<\/p>\n<p>Wenn man mit den Mietwagen unterwegs ist, sollte man immer genug Zeit einplanen. Als Orientierung f\u00fcr Fahrten sagt man 20km = 1h Fahrtzeit, da die Stra\u00dfen sehr kurvenreich sind.<br \/>\nWem das zu abenteuerlich ist, der kann auch einfach \u00f6ffentliche Vekehrsmittel nutzen. Busfahren ist sehr g\u00fcnstig und kostet ca. 1,40\u20ac<\/p>\n<p>Beim Baden muss man aufpassen, da es starke Str\u00f6mungen gibt!<\/p>\n<p>Actionfans sind hier auch richtig, denn man kann an vielen Stellen paragliden.<\/p>\n<p>Ostseite: eher mal bew\u00f6lkt, etwas regenreicher \/ Westseite: Sonnenseite! Ort mit den meisten Sonnenstunden ganz Spaniens<br \/>\nWenn man Teneriffa sehen kann, dann wird das Wetter schlecht.<\/p>\n<\/div>\n\t\t<\/div><div id=\"panel-22-2-0-1\" class=\"so-panel widget widget_text\" data-index=\"5\" ><h3 class=\"widget-title\">Besuchte Hotels Teneriffa<\/h3>\t\t\t<div class=\"textwidget\"><\/div>\n\t\t<\/div><div id=\"panel-22-2-0-2\" class=\"so-panel widget widget_text\" data-index=\"6\" >\t\t\t<div class=\"textwidget\"><p>Atlantic Mirage Suites &amp; Spa \u2605\u2605\u2605\u2605\u2605<br \/>\nBah\u00eda Fa\u00f1ab\u00e9 Suites \u2605\u2605\u2605\u2605<br \/>\nBe Live Experience Playa la Arena \u2605\u2605\u2605\u2605<br \/>\nBe Live Family Costa Los Gigantes \u2605\u2605\u2605\u2605<br \/>\nBotanico \u2605\u2605\u2605\u2605<br \/>\nDiamante Suites \u2605\u2605\u2605\u2605<br \/>\nEl Tope \u2605\u2605\u2605\u2605<br \/>\nHOVIMA Costa Adeje \u2605\u2605\u2605\u2605<br \/>\nHOVIMA La Pinta Beachfront Hotel \u2605\u2605\u2605\u2605<br \/>\nHOVIMA Panorama \u2605\u2605\u2605+<br \/>\nHOVIMA Santa Maria \u2605\u2605\u2605<br \/>\nIberostar Anthelia \u2605\u2605\u2605\u2605\u2605<br \/>\nIberostar Grand Salom\u00e9 \u2605\u2605\u2605\u2605\u2605<br \/>\nIberostar S\u00e1bila \u2605\u2605\u2605\u2605\u2605<\/p>\n<\/div>\n\t\t<\/div><div id=\"panel-22-2-0-3\" class=\"so-panel widget widget_text\" data-index=\"7\" ><h3 class=\"widget-title\">Besuchte Hotels La Palma<\/h3>\t\t\t<div class=\"textwidget\"><\/div>\n\t\t<\/div><div id=\"panel-22-2-0-4\" class=\"so-panel widget widget_text panel-last-child\" data-index=\"8\" >\t\t\t<div class=\"textwidget\"><p>Hacienda de Abajo \u2605\u2605\u2605\u2605\u2605<br \/>\nHacienda San Jorge \u2605\u2605\u2605\u2605<br \/>\nH10 Taburiente Playa \u2605\u2605\u2605\u2605<br \/>\nLa Caleta Appartements \u2605\u2605\u2605\u2605<br \/>\nLa Muralla App. \u2605\u2605\u2605<br \/>\nLas Olas \u2605\u2605\u2605\u2605<br \/>\nSol La Palma Hotel \u2605\u2605\u2605\u2605<\/p>\n<\/div>\n\t\t<\/div><\/div><\/div><div id=\"pg-22-3\"  class=\"panel-grid panel-no-style\" ><div id=\"pgc-22-3-0\"  class=\"panel-grid-cell\" ><div id=\"panel-22-3-0-0\" class=\"so-panel widget widget_text panel-first-child panel-last-child\" data-index=\"9\" >\t\t\t<div class=\"textwidget\"><p><b>M\u00f6chten Sie n\u00e4here Informationen zu Teneriffa, La Palma und\/oder den besuchten Hotels? Dann vereinbaren Sie mit Ihren Reiseberater einen Termin, wir freuen uns auf Sie!<\/b><\/p>\n<\/div>\n\t\t<\/div><\/div><\/div><\/div>","protected":false},"excerpt":{"rendered":"<p>Teneriffa Generell haben die Kanaren (Hoteliers &amp; Regierung) in den letzten Jahren sehr viel investiert, die Hotels wurden renoviert oder auch neu erbaut und die Infrastruktur verbessert, man schaut heute viel mehr auf Nachhaltigkeit und f\u00e4ngt bei den kleinsten G\u00e4sten <a href=\"https:\/\/reisen.reudnitzer-reisen.com\/reiseberichte\/maria-hoeselbarth\/reisebericht-teneriffa-la-palma\/\"> more&#8230;<\/a><\/p>\n","protected":false},"author":1,"featured_media":0,"parent":20,"menu_order":0,"comment_status":"closed","ping_status":"closed","template":"","meta":{"footnotes":""},"_links":{"self":[{"href":"https:\/\/reisen.reudnitzer-reisen.com\/reiseberichte\/wp-json\/wp\/v2\/pages\/22"}],"collection":[{"href":"https:\/\/reisen.reudnitzer-reisen.com\/reiseberichte\/wp-json\/wp\/v2\/pages"}],"about":[{"href":"https:\/\/reisen.reudnitzer-reisen.com\/reiseberichte\/wp-json\/wp\/v2\/types\/page"}],"author":[{"embeddable":true,"href":"https:\/\/reisen.reudnitzer-reisen.com\/reiseberichte\/wp-json\/wp\/v2\/users\/1"}],"replies":[{"embeddable":true,"href":"https:\/\/reisen.reudnitzer-reisen.com\/reiseberichte\/wp-json\/wp\/v2\/comments?post=22"}],"version-history":[{"count":62,"href":"https:\/\/reisen.reudnitzer-reisen.com\/reiseberichte\/wp-json\/wp\/v2\/pages\/22\/revisions"}],"predecessor-version":[{"id":758,"href":"https:\/\/reisen.reudnitzer-reisen.com\/reiseberichte\/wp-json\/wp\/v2\/pages\/22\/revisions\/758"}],"up":[{"embeddable":true,"href":"https:\/\/reisen.reudnitzer-reisen.com\/reiseberichte\/wp-json\/wp\/v2\/pages\/20"}],"wp:attachment":[{"href":"https:\/\/reisen.reudnitzer-reisen.com\/reiseberichte\/wp-json\/wp\/v2\/media?parent=22"}],"curies":[{"name":"wp","href":"https:\/\/api.w.org\/{rel}","templated":true}]}}

<div id="pl-22"  class="panel-layout" ><div id="pg-22-0"  class="panel-grid panel-no-style" ><div id="pgc-22-0-0"  class="panel-grid-cell" ><div id="panel-22-0-0-0" class="so-panel widget widget_text panel-first-child panel-last-child" data-index="0" >			<div class="textwidget"><p><strong><em>Teneriffa</em></strong></p>
<p>Generell haben die Kanaren (Hoteliers &amp; Regierung) in den letzten Jahren sehr viel investiert, die Hotels wurden renoviert oder auch neu erbaut und die Infrastruktur verbessert, man schaut heute viel mehr auf Nachhaltigkeit und fängt bei den kleinsten Gästen (HOVIMA La Pinta, Miniclub) schon an sie für das Thema Umwelt und Naturschutz zu sensibilisieren!</p>
<p><strong>48%</strong> von Teneriffa stehen unter Naturschutz, über 400 Vulkane auf der Insel<br />
<strong>65%</strong> der Einnahmen kommen aus dem Tourismussektor, aber nur 3% von Teneriffa sind Touristengebiet<br />
<strong>12km</strong> lange Promenade von der Playa de las Americas bis zur Costa Adeje, sehr schön!!!</p>
<p>Auf den Kanaren leben sehr viele Venezolaner. Venezuela wird auch als 8. Kanarische Insel angesehen und es stehen immer Nachrichten aus dem Land in der Zeitung, 1496 sind viele Venezolaner nach Spanien immigriert und während der Francodiktatur war es dann andersherum – die Spanier sind nach Venezuela ausgewandert und später zurückgekehrt, es gibt sogar einen Direktflug von Gran Canaria nach Caracas.</p>
</div>
		</div></div></div><div id="pg-22-1"  class="panel-grid panel-no-style" ><div id="pgc-22-1-0"  class="panel-grid-cell" ><div id="panel-22-1-0-0" class="so-panel widget widget_media_image panel-first-child panel-last-child" data-index="1" ><a href="https://reisen.reudnitzer-reisen.com/reiseberichte/wp-content/uploads/sites/11/2019/03/tenerife-2047229_1280.jpg"><img loading="lazy" decoding="async" width="730" height="411" src="https://reisen.reudnitzer-reisen.com/reiseberichte/wp-content/uploads/sites/11/2019/03/tenerife-2047229_1280-1024x576.jpg" class="image wp-image-157  attachment-large size-large" alt="" style="max-width: 100%; height: auto;" srcset="https://reisen.reudnitzer-reisen.com/reiseberichte/wp-content/uploads/sites/11/2019/03/tenerife-2047229_1280-1024x576.jpg 1024w, https://reisen.reudnitzer-reisen.com/reiseberichte/wp-content/uploads/sites/11/2019/03/tenerife-2047229_1280-300x169.jpg 300w, https://reisen.reudnitzer-reisen.com/reiseberichte/wp-content/uploads/sites/11/2019/03/tenerife-2047229_1280-768x432.jpg 768w, https://reisen.reudnitzer-reisen.com/reiseberichte/wp-content/uploads/sites/11/2019/03/tenerife-2047229_1280.jpg 1280w" sizes="(max-width: 730px) 100vw, 730px" /></a></div></div><div id="pgc-22-1-1"  class="panel-grid-cell" ><div id="panel-22-1-1-0" class="so-panel widget widget_media_image panel-first-child panel-last-child" data-index="2" ><a href="https://reisen.reudnitzer-reisen.com/reiseberichte/wp-content/uploads/sites/11/2019/03/teneriffepark.jpg"><img loading="lazy" decoding="async" width="768" height="432" src="https://reisen.reudnitzer-reisen.com/reiseberichte/wp-content/uploads/sites/11/2019/03/teneriffepark.jpg" class="image wp-image-164  attachment-full size-full" alt="" style="max-width: 100%; height: auto;" srcset="https://reisen.reudnitzer-reisen.com/reiseberichte/wp-content/uploads/sites/11/2019/03/teneriffepark.jpg 768w, https://reisen.reudnitzer-reisen.com/reiseberichte/wp-content/uploads/sites/11/2019/03/teneriffepark-300x169.jpg 300w" sizes="(max-width: 768px) 100vw, 768px" /></a></div></div><div id="pgc-22-1-2"  class="panel-grid-cell" ><div id="panel-22-1-2-0" class="so-panel widget widget_media_image panel-first-child panel-last-child" data-index="3" ><a href="https://reisen.reudnitzer-reisen.com/reiseberichte/wp-content/uploads/sites/11/2019/03/teneriffebucht.jpg"><img loading="lazy" decoding="async" width="768" height="432" src="https://reisen.reudnitzer-reisen.com/reiseberichte/wp-content/uploads/sites/11/2019/03/teneriffebucht.jpg" class="image wp-image-165  attachment-full size-full" alt="" style="max-width: 100%; height: auto;" srcset="https://reisen.reudnitzer-reisen.com/reiseberichte/wp-content/uploads/sites/11/2019/03/teneriffebucht.jpg 768w, https://reisen.reudnitzer-reisen.com/reiseberichte/wp-content/uploads/sites/11/2019/03/teneriffebucht-300x169.jpg 300w" sizes="(max-width: 768px) 100vw, 768px" /></a></div></div></div><div id="pg-22-2"  class="panel-grid panel-no-style" ><div id="pgc-22-2-0"  class="panel-grid-cell" ><div id="panel-22-2-0-0" class="so-panel widget widget_text panel-first-child" data-index="4" >			<div class="textwidget"><p><strong>HOVIMA Hotels</strong>: auf diese Hotelkette kann man sich verlassen, hier passt alles soweit und es gibt für alle Ansprüche das richtige Hotel, HOVIMA bedeutet übrigens Hoteles Vista Mar</p>
<p><strong>Ausflugstipps</strong>:</p>
<ul>
<li>Whalewatching (ab Puerto Colón): zwischen Teneriffa &amp; La Gomera leben ca. 500 Pilotwale ständig, sodass die Chancen immer recht gut sind sie zu sehen (auch wir hatten das Glück)</li>
<li>Teide bei Nacht mit der Finca Alma de Trevejos!</li>
<li>Surferstrand Socorro</li>
</ul>
<hr />
<p><strong><em>La Palma</em></strong></p>
<p>Vom Flughafen Teneriffa Nord sind wir dann nach La Palma rübergeflogen. Der Flughafen TFN ist total entspannt, alles läuft organisiert und pünktlich. Absolut empfehlen kann man einen Inlandsflug mit Binter!!! Bei Binter gibt es sogar bei 30 Min. Flugzeit einen Snack &amp; Getränk!</p>
<p>La Palma ist definitiv eine Insel für Naturliebhaber und Wanderer und wird auch Bananeninsel genannt.</p>
<p>Wenn man mit den Mietwagen unterwegs ist, sollte man immer genug Zeit einplanen. Als Orientierung für Fahrten sagt man 20km = 1h Fahrtzeit, da die Straßen sehr kurvenreich sind.<br />
Wem das zu abenteuerlich ist, der kann auch einfach öffentliche Vekehrsmittel nutzen. Busfahren ist sehr günstig und kostet ca. 1,40€</p>
<p>Beim Baden muss man aufpassen, da es starke Strömungen gibt!</p>
<p>Actionfans sind hier auch richtig, denn man kann an vielen Stellen paragliden.</p>
<p>Ostseite: eher mal bewölkt, etwas regenreicher / Westseite: Sonnenseite! Ort mit den meisten Sonnenstunden ganz Spaniens<br />
Wenn man Teneriffa sehen kann, dann wird das Wetter schlecht.</p>
</div>
		</div><div id="panel-22-2-0-1" class="so-panel widget widget_text" data-index="5" ><h3 class="widget-title">Besuchte Hotels Teneriffa</h3>			<div class="textwidget"></div>
		</div><div id="panel-22-2-0-2" class="so-panel widget widget_text" data-index="6" >			<div class="textwidget"><p>Atlantic Mirage Suites &amp; Spa ★★★★★<br />
Bahía Fañabé Suites ★★★★<br />
Be Live Experience Playa la Arena ★★★★<br />
Be Live Family Costa Los Gigantes ★★★★<br />
Botanico ★★★★<br />
Diamante Suites ★★★★<br />
El Tope ★★★★<br />
HOVIMA Costa Adeje ★★★★<br />
HOVIMA La Pinta Beachfront Hotel ★★★★<br />
HOVIMA Panorama ★★★+<br />
HOVIMA Santa Maria ★★★<br />
Iberostar Anthelia ★★★★★<br />
Iberostar Grand Salomé ★★★★★<br />
Iberostar Sábila ★★★★★</p>
</div>
		</div><div id="panel-22-2-0-3" class="so-panel widget widget_text" data-index="7" ><h3 class="widget-title">Besuchte Hotels La Palma</h3>			<div class="textwidget"></div>
		</div><div id="panel-22-2-0-4" class="so-panel widget widget_text panel-last-child" data-index="8" >			<div class="textwidget"><p>Hacienda de Abajo ★★★★★<br />
Hacienda San Jorge ★★★★<br />
H10 Taburiente Playa ★★★★<br />
La Caleta Appartements ★★★★<br />
La Muralla App. ★★★<br />
Las Olas ★★★★<br />
Sol La Palma Hotel ★★★★</p>
</div>
		</div></div></div><div id="pg-22-3"  class="panel-grid panel-no-style" ><div id="pgc-22-3-0"  class="panel-grid-cell" ><div id="panel-22-3-0-0" class="so-panel widget widget_text panel-first-child panel-last-child" data-index="9" >			<div class="textwidget"><p><b>Möchten Sie nähere Informationen zu Teneriffa, La Palma und/oder den besuchten Hotels? Dann vereinbaren Sie mit Ihren Reiseberater einen Termin, wir freuen uns auf Sie!</b></p>
</div>
		</div></div></div></div>

<p>Teneriffa Generell haben die Kanaren (Hoteliers &amp; Regierung) in den letzten Jahren sehr viel investiert, die Hotels wurden renoviert oder auch neu erbaut und die Infrastruktur verbessert, man schaut heute viel mehr auf Nachhaltigkeit und fängt bei den kleinsten Gästen <a href="https://reisen.reudnitzer-reisen.com/reiseberichte/maria-hoeselbarth/reisebericht-teneriffa-la-palma/"> more&#8230;</a></p>
