{"id":1309,"date":"2023-07-27T17:19:44","date_gmt":"2023-07-27T15:19:44","guid":{"rendered":"https:\/\/reisen.reudnitzer-reisen.com\/reiseberichte\/?page_id=1309"},"modified":"2023-07-28T13:48:16","modified_gmt":"2023-07-28T11:48:16","slug":"reisebericht-namibia","status":"publish","type":"page","link":"https:\/\/reisen.reudnitzer-reisen.com\/reiseberichte\/maria-hoeselbarth\/reisebericht-namibia\/","title":{"rendered":"Reisebericht Namibia"},"content":{"rendered":"<div id=\"pl-1309\"  class=\"panel-layout\" ><div id=\"pg-1309-0\"  class=\"panel-grid panel-no-style\" ><div id=\"pgc-1309-0-0\"  class=\"panel-grid-cell\" ><div id=\"panel-1309-0-0-0\" class=\"so-panel widget widget_media_image panel-first-child panel-last-child\" data-index=\"0\" ><a href=\"https:\/\/reisen.reudnitzer-reisen.com\/reiseberichte\/wp-content\/uploads\/sites\/11\/2023\/07\/Namibia-SmRb1.jpg\"><img loading=\"lazy\" decoding=\"async\" width=\"900\" height=\"900\" src=\"https:\/\/reisen.reudnitzer-reisen.com\/reiseberichte\/wp-content\/uploads\/sites\/11\/2023\/07\/Namibia-SmRb1.jpg\" class=\"image wp-image-1315  attachment-full size-full\" alt=\"\" style=\"max-width: 100%; height: auto;\" srcset=\"https:\/\/reisen.reudnitzer-reisen.com\/reiseberichte\/wp-content\/uploads\/sites\/11\/2023\/07\/Namibia-SmRb1.jpg 900w, https:\/\/reisen.reudnitzer-reisen.com\/reiseberichte\/wp-content\/uploads\/sites\/11\/2023\/07\/Namibia-SmRb1-150x150.jpg 150w, https:\/\/reisen.reudnitzer-reisen.com\/reiseberichte\/wp-content\/uploads\/sites\/11\/2023\/07\/Namibia-SmRb1-300x300.jpg 300w, https:\/\/reisen.reudnitzer-reisen.com\/reiseberichte\/wp-content\/uploads\/sites\/11\/2023\/07\/Namibia-SmRb1-768x768.jpg 768w\" sizes=\"(max-width: 900px) 100vw, 900px\" \/><\/a><\/div><\/div><div id=\"pgc-1309-0-1\"  class=\"panel-grid-cell\" ><div id=\"panel-1309-0-1-0\" class=\"so-panel widget widget_media_image panel-first-child panel-last-child\" data-index=\"1\" ><a href=\"https:\/\/reisen.reudnitzer-reisen.com\/reiseberichte\/wp-content\/uploads\/sites\/11\/2023\/07\/Namibia-SmRb3.jpg\"><img loading=\"lazy\" decoding=\"async\" width=\"900\" height=\"900\" src=\"https:\/\/reisen.reudnitzer-reisen.com\/reiseberichte\/wp-content\/uploads\/sites\/11\/2023\/07\/Namibia-SmRb3.jpg\" class=\"image wp-image-1317  attachment-full size-full\" alt=\"\" style=\"max-width: 100%; height: auto;\" srcset=\"https:\/\/reisen.reudnitzer-reisen.com\/reiseberichte\/wp-content\/uploads\/sites\/11\/2023\/07\/Namibia-SmRb3.jpg 900w, https:\/\/reisen.reudnitzer-reisen.com\/reiseberichte\/wp-content\/uploads\/sites\/11\/2023\/07\/Namibia-SmRb3-150x150.jpg 150w, https:\/\/reisen.reudnitzer-reisen.com\/reiseberichte\/wp-content\/uploads\/sites\/11\/2023\/07\/Namibia-SmRb3-300x300.jpg 300w, https:\/\/reisen.reudnitzer-reisen.com\/reiseberichte\/wp-content\/uploads\/sites\/11\/2023\/07\/Namibia-SmRb3-768x768.jpg 768w\" sizes=\"(max-width: 900px) 100vw, 900px\" \/><\/a><\/div><\/div><div id=\"pgc-1309-0-2\"  class=\"panel-grid-cell\" ><div id=\"panel-1309-0-2-0\" class=\"so-panel widget widget_media_image panel-first-child panel-last-child\" data-index=\"2\" ><a href=\"https:\/\/reisen.reudnitzer-reisen.com\/reiseberichte\/wp-content\/uploads\/sites\/11\/2023\/07\/Namibia-SmRb6.jpg\"><img loading=\"lazy\" decoding=\"async\" width=\"900\" height=\"900\" src=\"https:\/\/reisen.reudnitzer-reisen.com\/reiseberichte\/wp-content\/uploads\/sites\/11\/2023\/07\/Namibia-SmRb6.jpg\" class=\"image wp-image-1320  attachment-full size-full\" alt=\"\" style=\"max-width: 100%; height: auto;\" srcset=\"https:\/\/reisen.reudnitzer-reisen.com\/reiseberichte\/wp-content\/uploads\/sites\/11\/2023\/07\/Namibia-SmRb6.jpg 900w, https:\/\/reisen.reudnitzer-reisen.com\/reiseberichte\/wp-content\/uploads\/sites\/11\/2023\/07\/Namibia-SmRb6-150x150.jpg 150w, https:\/\/reisen.reudnitzer-reisen.com\/reiseberichte\/wp-content\/uploads\/sites\/11\/2023\/07\/Namibia-SmRb6-300x300.jpg 300w, https:\/\/reisen.reudnitzer-reisen.com\/reiseberichte\/wp-content\/uploads\/sites\/11\/2023\/07\/Namibia-SmRb6-768x768.jpg 768w\" sizes=\"(max-width: 900px) 100vw, 900px\" \/><\/a><\/div><\/div><div id=\"pgc-1309-0-3\"  class=\"panel-grid-cell\" ><div id=\"panel-1309-0-3-0\" class=\"so-panel widget widget_media_image panel-first-child panel-last-child\" data-index=\"3\" ><a href=\"https:\/\/reisen.reudnitzer-reisen.com\/reiseberichte\/wp-content\/uploads\/sites\/11\/2023\/07\/Namibia-SmRb9.jpg\"><img loading=\"lazy\" decoding=\"async\" width=\"900\" height=\"900\" src=\"https:\/\/reisen.reudnitzer-reisen.com\/reiseberichte\/wp-content\/uploads\/sites\/11\/2023\/07\/Namibia-SmRb9.jpg\" class=\"image wp-image-1323  attachment-full size-full\" alt=\"\" style=\"max-width: 100%; height: auto;\" srcset=\"https:\/\/reisen.reudnitzer-reisen.com\/reiseberichte\/wp-content\/uploads\/sites\/11\/2023\/07\/Namibia-SmRb9.jpg 900w, https:\/\/reisen.reudnitzer-reisen.com\/reiseberichte\/wp-content\/uploads\/sites\/11\/2023\/07\/Namibia-SmRb9-150x150.jpg 150w, https:\/\/reisen.reudnitzer-reisen.com\/reiseberichte\/wp-content\/uploads\/sites\/11\/2023\/07\/Namibia-SmRb9-300x300.jpg 300w, https:\/\/reisen.reudnitzer-reisen.com\/reiseberichte\/wp-content\/uploads\/sites\/11\/2023\/07\/Namibia-SmRb9-768x768.jpg 768w\" sizes=\"(max-width: 900px) 100vw, 900px\" \/><\/a><\/div><\/div><\/div><div id=\"pg-1309-1\"  class=\"panel-grid panel-no-style\" ><div id=\"pgc-1309-1-0\"  class=\"panel-grid-cell\" ><div id=\"panel-1309-1-0-0\" class=\"so-panel widget widget_text panel-first-child panel-last-child\" data-index=\"4\" >\t\t\t<div class=\"textwidget\"><p><b><u>Reiseverlauf<\/u><\/b><\/p>\n<p>Unsere Reise startete am Abend ab Frankfurt mit Eurowings Discover nach Windhoek. Am n\u00e4chsten Morgen erreichten wir nach 10h Flug Namibia. Nachdem wir das Einreiseprozeder erledigt hatten, begr\u00fc\u00dfte uns unser Reiseleiter Daniel herzlich am Flughafen. Mit einem Allrad-Fahrzeug ging es Richtung Norden zum Etosha Nationalpark. Zebras, Giraffen, Schakale, Gnu, Impala und Springbock \u2013 all diese Tiere gibt es hier in H\u00fclle und F\u00fclle. Als wir dann noch eine Herde Elefanten am Wasserloch beim Baden beobachten konnten, war der G\u00e4nsehautmoment perfekt.<\/p>\n<p>Den n\u00e4chsten Tag verbrachten wir komplett im Nationalpark. Der \u201egro\u00dfe weite Ort des trockenen Wassers\u201c geh\u00f6rt zu den gr\u00f6\u00dften Schutzgebieten weltweit. Den halben Tag durchstreiften wir das Wildschutzgebiet auf der Suche nach L\u00f6wen, Elefanten, dem Eland (der gr\u00f6\u00dften Antilope), dem Damara-Dikdik (der kleinsten Antilope), Giraffen und vielem mehr. Unterwegs waren wir entlang des Herzst\u00fccks des Parks, der riesigen weiten Salzpfanne sowie an den zahlreichen Wasserl\u00f6chern. Hier sammeln sich in der Trockenzeit die Herden und stillen ihren Durst. Wir genossen es sehr, dieses besondere Gef\u00fchl, mitten in Afrika zu sein.<\/p>\n<p>Der Tag darauf stand im Zeichen der Himba. Wie viele Z\u00f6pfe tr\u00e4gt ein unverheirateter junger Mann? Wieso sind Butter und Ocker der Renner im Beautysalon der Himbafrauen? Wieso brennt ein Feuer zwischen Vieh-Kraal und Haupthaus in einem Himbageh\u00f6ft? Bei einer gef\u00fchrten Tour durch das Himba-Dorf erfuhren wir viel Wissenswertes \u00fcber die Kultur und Lebensweise der \u201eRoten Nomaden\u201c. Anschlie\u00dfend fuhren wir weiter ein kleines St\u00fcck \u00fcber den Ort Uis hinaus und hinein in unverf\u00e4lschte Natur. Lagerfeuerromantik inmitten der unendlichen Weite Namibias? Sleepout hei\u00dft das Zauberwort und bedeutet nicht weniger als eine selige Nacht im Safari-Zelt mit kuschelweicher Decke, Kissen und Tierstimmen-Radio. Unsere Zelte waren bereits von den Gastgebern des Uis G\u00e4stehauses vorbereitet und am Abend wurde das Lagerfeuer entfacht. Wir wurden mit einem k\u00f6stlichen Grill-Buffet verw\u00f6hnt und konnten unseren Blick nicht vom Sternenzelt losrei\u00dfen, denn der Anblick der Milchstra\u00dfe war einfach unbeschreiblich. Ich bin sicher, niemand kann sich dieser Magie entziehen.<\/p>\n<p>Der neue Tag in Namibia sollte uns zum \u201aMatterhorn\u2018 bringen \u2013 ja, richtig gelesen. Diesen Spitznamen erhielt die Spitzkoppe aufgrund ihrer \u00c4hnlichkeit zum gro\u00dfen Bruder in der Schweiz. Wir hatten gen\u00fcgend Zeit f\u00fcr eine Klettereinlage und Fotos am Rock Arch. Die Felsformationen sind einzigartig und faszinierten uns alle. Weiter ging es in Richtung Atlantik. Hier wehte ein anderer Wind, da der kalte Benguelastrom f\u00fcr ein k\u00fchleres Klima sorgt. Da wundert es nicht warum viele Namibier Swakopmund gern als Sommerfrische nutzen. Am Nachmittag hatten wir Zeit die Stadt mit ihren zahlreiche Kolonialbauten, die nach wie vor das Stadtbild pr\u00e4gen, zu erkunden. Besonders empfehlen kann ich die Lokale \u201aBar Zonder Naam\u2018 f\u00fcr einen Drink sowie das Restaurant Old Steamer mit einem<br \/>\nau\u00dfergew\u00f6hnlich guten lokalen Buffet.<\/p>\n<p>Ein ganz besonders unvergesslicher Tag erwartete uns. Fr\u00fch am Morgen fuhren wir nach Walvis Bay. Mit Mola Mola Tours starteten wir eine erlebnisreiche Fahrt \u2013 erst mit einem Katamaran, dann stiegen wir um in Kayaks. Wir fanden uns mit einem mal inmitten von tausenden von Robben, Flamingos &amp; Pelikanen wieder. Sie spielten mit den Booten, sprangen um uns herum und wir waren vor Begeisterung komplett sprachlos. Die Ger\u00e4usche der Tiere, die Farben, die Bewegungen, ihnen so nah sein zu d\u00fcrfen, einfach alles war unglaublich. Nach der Kayaktour zauberte das Team von Mola Mola ein Barbecue wie aus dem Film mit den frischesten Zutaten. Es war alles mit so viel Herzblut organisiert und vorbereitet. Ich werde dieses Erlebnis niemals vergessen!<\/p>\n<p>Am Nachmittag ging die Reise weiter zur Namib-W\u00fcste mit den zerkl\u00fcfteten Naukluft-Bergen, unwirtlicher Atlantikk\u00fcste und weiten D\u00fcnenfeldern \u2013 die \u00e4lteste W\u00fcste der Welt hat viele Gesichter. Das eindrucksvollste pr\u00e4sentiert sich im Namib-Naukluft-Park, Afrikas gr\u00f6\u00dftem Naturschutzgebiet. Auf 50.000 km\u00b2 W\u00fcstenfl\u00e4che m\u00e4andern die h\u00f6chsten D\u00fcnen der Welt und bilden ein Meisterwerk der Farben. In dieser einmaligen Landschaft \u00fcbernachteten wir, bevor wir am n\u00e4chsten Tag ein weiteres Highlight kennenlernen durften.<\/p>\n<p>Am heutigen Tag besuchten wir Namibias Naturwunder Nummer 1 \u2013 Sossusvlei. Wir sp\u00fcrten nichts weiter als roten Sand unter unseren F\u00fc\u00dfen, \u00fcber uns die gl\u00fchende Sonne und der strahlend blaue Himmel. Wir wanderten die D\u00fcne des Deadvleis hinauf und rannten von ganz oben wieder hinunter in eine surreale Kulisse mit stummen Zeitzeugen aus Holz. Die Landschaft aus knallrotem Sand und salzigen Senken l\u00e4dt wirklich jeden zum Staunen ein. Tief beeindruckt von diesem magischen Spektakel fielen wir am Abend in unsere Betten.<\/p>\n<p>So langsam r\u00fcckte es n\u00e4her, das Ende unserer Reise. Am Vormittag fuhren wir in die Region Windhoek. Doch das Erlebnis Namibia war noch nicht vorbei, denn wir \u00fcbernachteten ganz naturnah auf Fritzposten im Khomas Hochland. Hier wird Outdoor-Erlebnis noch einmal ganz gro\u00df geschrieben! Beim Spaziergang zum Sonnenuntergang hielten wir Ausschau nach Wildtieren wie Eland, Zebra, Gemsbock &amp; Springbock, die hier frei herumlaufen. Unseren letzten Abend verbrachten wir wieder am Lagerfeuer und wurden mit k\u00f6stlichen Grillspezialit\u00e4ten verw\u00f6hnt.<\/p>\n<p>Heute ging es f\u00fcr unsere Gruppe zur\u00fcck nach Windhoek. Wir fuhren ins Stadtzentrum und besuchten einen Kunsthandwerksmarkt, um noch das ein oder andere Souvenir zu besorgen. Im Anschluss besichtigten wir ein paar G\u00e4steh\u00e4user sowie das bekannte Restaurant Joe\u2019s Beerhouse, welches ein absoluter Klassiker ist und zu jedem Besuch der Hauptstadt dazugeh\u00f6rt. Auch ein kurzer Stopp an der Christuskirche durfte nicht fehlen. Danach hie\u00df es Abschied nehmen von unserem Reiseleiter Daniel, der uns noch zum Flughafen begleitete. Mit vielen einzigartigen Erlebnissen &amp; unvergesslichen Momenten stiegen wir ins Flugzeug Richtung Heimat. Namibia hat mich tief ber\u00fchrt und ich kann eine Reise in dieses Land von ganzem Herzen empfehlen!<\/p>\n<\/div>\n\t\t<\/div><\/div><\/div><div id=\"pg-1309-2\"  class=\"panel-grid panel-no-style\" ><div id=\"pgc-1309-2-0\"  class=\"panel-grid-cell\" ><div id=\"panel-1309-2-0-0\" class=\"so-panel widget widget_media_image panel-first-child panel-last-child\" data-index=\"5\" ><a href=\"https:\/\/reisen.reudnitzer-reisen.com\/reiseberichte\/wp-content\/uploads\/sites\/11\/2023\/07\/Namibia-SmRb4.jpg\"><img loading=\"lazy\" decoding=\"async\" width=\"900\" height=\"900\" src=\"https:\/\/reisen.reudnitzer-reisen.com\/reiseberichte\/wp-content\/uploads\/sites\/11\/2023\/07\/Namibia-SmRb4.jpg\" class=\"image wp-image-1318  attachment-full size-full\" alt=\"\" style=\"max-width: 100%; height: auto;\" srcset=\"https:\/\/reisen.reudnitzer-reisen.com\/reiseberichte\/wp-content\/uploads\/sites\/11\/2023\/07\/Namibia-SmRb4.jpg 900w, https:\/\/reisen.reudnitzer-reisen.com\/reiseberichte\/wp-content\/uploads\/sites\/11\/2023\/07\/Namibia-SmRb4-150x150.jpg 150w, https:\/\/reisen.reudnitzer-reisen.com\/reiseberichte\/wp-content\/uploads\/sites\/11\/2023\/07\/Namibia-SmRb4-300x300.jpg 300w, https:\/\/reisen.reudnitzer-reisen.com\/reiseberichte\/wp-content\/uploads\/sites\/11\/2023\/07\/Namibia-SmRb4-768x768.jpg 768w\" sizes=\"(max-width: 900px) 100vw, 900px\" \/><\/a><\/div><\/div><div id=\"pgc-1309-2-1\"  class=\"panel-grid-cell\" ><div id=\"panel-1309-2-1-0\" class=\"so-panel widget widget_media_image panel-first-child panel-last-child\" data-index=\"6\" ><a href=\"https:\/\/reisen.reudnitzer-reisen.com\/reiseberichte\/wp-content\/uploads\/sites\/11\/2023\/07\/Namibia-SmRb5.jpg\"><img loading=\"lazy\" decoding=\"async\" width=\"900\" height=\"900\" src=\"https:\/\/reisen.reudnitzer-reisen.com\/reiseberichte\/wp-content\/uploads\/sites\/11\/2023\/07\/Namibia-SmRb5.jpg\" class=\"image wp-image-1319  attachment-full size-full\" alt=\"\" style=\"max-width: 100%; height: auto;\" srcset=\"https:\/\/reisen.reudnitzer-reisen.com\/reiseberichte\/wp-content\/uploads\/sites\/11\/2023\/07\/Namibia-SmRb5.jpg 900w, https:\/\/reisen.reudnitzer-reisen.com\/reiseberichte\/wp-content\/uploads\/sites\/11\/2023\/07\/Namibia-SmRb5-150x150.jpg 150w, https:\/\/reisen.reudnitzer-reisen.com\/reiseberichte\/wp-content\/uploads\/sites\/11\/2023\/07\/Namibia-SmRb5-300x300.jpg 300w, https:\/\/reisen.reudnitzer-reisen.com\/reiseberichte\/wp-content\/uploads\/sites\/11\/2023\/07\/Namibia-SmRb5-768x768.jpg 768w\" sizes=\"(max-width: 900px) 100vw, 900px\" \/><\/a><\/div><\/div><div id=\"pgc-1309-2-2\"  class=\"panel-grid-cell\" ><div id=\"panel-1309-2-2-0\" class=\"so-panel widget widget_media_image panel-first-child panel-last-child\" data-index=\"7\" ><a href=\"https:\/\/reisen.reudnitzer-reisen.com\/reiseberichte\/wp-content\/uploads\/sites\/11\/2023\/07\/Namibia-SmRb2.jpg\"><img loading=\"lazy\" decoding=\"async\" width=\"900\" height=\"900\" src=\"https:\/\/reisen.reudnitzer-reisen.com\/reiseberichte\/wp-content\/uploads\/sites\/11\/2023\/07\/Namibia-SmRb2.jpg\" class=\"image wp-image-1316  attachment-full size-full\" alt=\"\" style=\"max-width: 100%; height: auto;\" srcset=\"https:\/\/reisen.reudnitzer-reisen.com\/reiseberichte\/wp-content\/uploads\/sites\/11\/2023\/07\/Namibia-SmRb2.jpg 900w, https:\/\/reisen.reudnitzer-reisen.com\/reiseberichte\/wp-content\/uploads\/sites\/11\/2023\/07\/Namibia-SmRb2-150x150.jpg 150w, https:\/\/reisen.reudnitzer-reisen.com\/reiseberichte\/wp-content\/uploads\/sites\/11\/2023\/07\/Namibia-SmRb2-300x300.jpg 300w, https:\/\/reisen.reudnitzer-reisen.com\/reiseberichte\/wp-content\/uploads\/sites\/11\/2023\/07\/Namibia-SmRb2-768x768.jpg 768w\" sizes=\"(max-width: 900px) 100vw, 900px\" \/><\/a><\/div><\/div><div id=\"pgc-1309-2-3\"  class=\"panel-grid-cell\" ><div id=\"panel-1309-2-3-0\" class=\"so-panel widget widget_media_image panel-first-child panel-last-child\" data-index=\"8\" ><a href=\"https:\/\/reisen.reudnitzer-reisen.com\/reiseberichte\/wp-content\/uploads\/sites\/11\/2023\/07\/Namibia-SmRb7.jpg\"><img loading=\"lazy\" decoding=\"async\" width=\"900\" height=\"900\" src=\"https:\/\/reisen.reudnitzer-reisen.com\/reiseberichte\/wp-content\/uploads\/sites\/11\/2023\/07\/Namibia-SmRb7.jpg\" class=\"image wp-image-1321  attachment-full size-full\" alt=\"\" style=\"max-width: 100%; height: auto;\" srcset=\"https:\/\/reisen.reudnitzer-reisen.com\/reiseberichte\/wp-content\/uploads\/sites\/11\/2023\/07\/Namibia-SmRb7.jpg 900w, https:\/\/reisen.reudnitzer-reisen.com\/reiseberichte\/wp-content\/uploads\/sites\/11\/2023\/07\/Namibia-SmRb7-150x150.jpg 150w, https:\/\/reisen.reudnitzer-reisen.com\/reiseberichte\/wp-content\/uploads\/sites\/11\/2023\/07\/Namibia-SmRb7-300x300.jpg 300w, https:\/\/reisen.reudnitzer-reisen.com\/reiseberichte\/wp-content\/uploads\/sites\/11\/2023\/07\/Namibia-SmRb7-768x768.jpg 768w\" sizes=\"(max-width: 900px) 100vw, 900px\" \/><\/a><\/div><\/div><\/div><div id=\"pg-1309-3\"  class=\"panel-grid panel-no-style\" ><div id=\"pgc-1309-3-0\"  class=\"panel-grid-cell\" ><div id=\"panel-1309-3-0-0\" class=\"so-panel widget widget_text panel-first-child\" data-index=\"9\" ><h3 class=\"widget-title\">Empfehlungen zu Lodges &#038; Guesthouses \u2605\u2605\u2605\u2605\u2605<\/h3>\t\t\t<div class=\"textwidget\"><p>&nbsp;<\/p>\n<ul>\n<li>Mokuti Etosha Lodge<\/li>\n<li>Etosha Heights Safarihoek Lodge<\/li>\n<li>Sleep out Uis Guesthouse &amp; Uis Guesthouse<\/li>\n<li>Swakopmund Guesthouse<\/li>\n<li>Namib Desert Lodge Gondwana \/ Namib Dune Star Camp<\/li>\n<li>Namib Outpost<\/li>\n<li>Desert Homestead Lodge<\/li>\n<li>The Elegant Desert Lodge &amp; The Elegant Desert Eco Camp<\/li>\n<li>Fritzposten Camping<\/li>\n<li>Villa Violet<\/li>\n<li>The Elegant Guesthouse<\/li>\n<li>Am Weinberg Estate<\/li>\n<\/ul>\n<p><strong><em>Alles in allem ein sehr faszinierendes Land, das zum Bereisen einl\u00e4dt, denn hier findet man irgendwie schon alleine im Unterwegssein ein St\u00fcckchen Gl\u00fcckseligkeit, wenn auf einmal wie aus dem nichts W\u00fcstenelefanten auf der Stra\u00dfe spazieren gehen.<\/em><\/strong><\/p>\n<\/div>\n\t\t<\/div><div id=\"panel-1309-3-0-1\" class=\"so-panel widget widget_text panel-last-child\" data-index=\"10\" >\t\t\t<div class=\"textwidget\"><p><b>M\u00f6chten Sie n\u00e4here Informationen zu Namibia und\/oder den besuchten Hotels? Dann vereinbaren Sie mit Ihrer Reiseberaterin einen Termin, wir freuen uns auf Sie!<\/b><\/p>\n<\/div>\n\t\t<\/div><\/div><\/div><\/div>","protected":false},"excerpt":{"rendered":"<p>Reiseverlauf Unsere Reise startete am Abend ab Frankfurt mit Eurowings Discover nach Windhoek. Am n\u00e4chsten Morgen erreichten wir nach 10h Flug Namibia. Nachdem wir das Einreiseprozeder erledigt hatten, begr\u00fc\u00dfte uns unser Reiseleiter Daniel herzlich am Flughafen. Mit einem Allrad-Fahrzeug ging <a href=\"https:\/\/reisen.reudnitzer-reisen.com\/reiseberichte\/maria-hoeselbarth\/reisebericht-namibia\/\"> more&#8230;<\/a><\/p>\n","protected":false},"author":1,"featured_media":0,"parent":20,"menu_order":7,"comment_status":"closed","ping_status":"closed","template":"","meta":{"footnotes":""},"_links":{"self":[{"href":"https:\/\/reisen.reudnitzer-reisen.com\/reiseberichte\/wp-json\/wp\/v2\/pages\/1309"}],"collection":[{"href":"https:\/\/reisen.reudnitzer-reisen.com\/reiseberichte\/wp-json\/wp\/v2\/pages"}],"about":[{"href":"https:\/\/reisen.reudnitzer-reisen.com\/reiseberichte\/wp-json\/wp\/v2\/types\/page"}],"author":[{"embeddable":true,"href":"https:\/\/reisen.reudnitzer-reisen.com\/reiseberichte\/wp-json\/wp\/v2\/users\/1"}],"replies":[{"embeddable":true,"href":"https:\/\/reisen.reudnitzer-reisen.com\/reiseberichte\/wp-json\/wp\/v2\/comments?post=1309"}],"version-history":[{"count":35,"href":"https:\/\/reisen.reudnitzer-reisen.com\/reiseberichte\/wp-json\/wp\/v2\/pages\/1309\/revisions"}],"predecessor-version":[{"id":1357,"href":"https:\/\/reisen.reudnitzer-reisen.com\/reiseberichte\/wp-json\/wp\/v2\/pages\/1309\/revisions\/1357"}],"up":[{"embeddable":true,"href":"https:\/\/reisen.reudnitzer-reisen.com\/reiseberichte\/wp-json\/wp\/v2\/pages\/20"}],"wp:attachment":[{"href":"https:\/\/reisen.reudnitzer-reisen.com\/reiseberichte\/wp-json\/wp\/v2\/media?parent=1309"}],"curies":[{"name":"wp","href":"https:\/\/api.w.org\/{rel}","templated":true}]}}