{"id":38,"date":"2018-01-23T08:02:52","date_gmt":"2018-01-23T07:02:52","guid":{"rendered":"https:\/\/reisen.reudnitzer-reisen.com\/baltikum\/?page_id=38"},"modified":"2018-01-23T13:26:35","modified_gmt":"2018-01-23T12:26:35","slug":"reiseverlauf","status":"publish","type":"page","link":"https:\/\/reisen.reudnitzer-reisen.com\/baltikum\/reiseverlauf\/","title":{"rendered":"Reiseverlauf"},"content":{"rendered":"<div id=\"pl-38\"  class=\"panel-layout\" ><div id=\"pg-38-0\"  class=\"panel-grid panel-no-style\" ><div id=\"pgc-38-0-0\"  class=\"panel-grid-cell\" ><div id=\"panel-38-0-0-0\" class=\"so-panel widget widget_text panel-first-child panel-last-child\" data-index=\"0\" ><h3 class=\"widget-title\">08.06. &#8211; 1. Tag: Anreise &#8211; Raum Olsztyn<\/h3>\t\t\t<div class=\"textwidget\"><p>Am Morgen erfolgt die Anreise nach Polen bis in den Raum Olsztyn zur ersten \u00dcbernachtung.<\/p>\n<\/div>\n\t\t<\/div><\/div><div id=\"pgc-38-0-1\"  class=\"panel-grid-cell\" ><\/div><\/div><div id=\"pg-38-1\"  class=\"panel-grid panel-no-style\" ><div id=\"pgc-38-1-0\"  class=\"panel-grid-cell\" ><div id=\"panel-38-1-0-0\" class=\"so-panel widget widget_text panel-first-child panel-last-child\" data-index=\"2\" ><h3 class=\"widget-title\">09.06. &#8211; 2 Tag: Gdansk<\/h3>\t\t\t<div class=\"textwidget\"><p>Danzig ist eine einmalig sch\u00f6ne Stadt, f\u00fcr die Sie sich unbedingt etwas Zeit nehmen sollten. Sie sind be-stimmt begeistert von den B\u00fcrgerh\u00e4usern und der Speicherstadt, die nach dem Krieg liebevoll rekonstruiert bzw. wiederaufgebaut wurden. Dieser Tag bietet Ihnen au\u00dferdem die M\u00f6glichkeit, selbst auf Entdeckungsreise zu gehen. Sie stimmen uns sicher zu: Danzig ist eine Stadt, in die man gerne wiederkommt!<\/p>\n<\/div>\n\t\t<\/div><\/div><div id=\"pgc-38-1-1\"  class=\"panel-grid-cell\" ><\/div><\/div><div id=\"pg-38-2\"  class=\"panel-grid panel-no-style\" ><div id=\"pgc-38-2-0\"  class=\"panel-grid-cell\" ><div id=\"panel-38-2-0-0\" class=\"so-panel widget widget_text panel-first-child panel-last-child\" data-index=\"4\" ><h3 class=\"widget-title\">10.06. &#8211; 3. Tag: Polen &#8211; Litauen &#8211; Vilnius<\/h3>\t\t\t<div class=\"textwidget\"><p>Weiter geht die Reise durch Polen, \u00fcber die polnisch-litauische Grenze, bis Sie Vilnius, die Hauptstadt des gr\u00f6\u00dften der drei baltischen Staaten, erreichen. Hier haben wir die n\u00e4chsten zwei \u00dcbernachtungen gebucht.<\/p>\n<\/div>\n\t\t<\/div><\/div><div id=\"pgc-38-2-1\"  class=\"panel-grid-cell\" ><\/div><\/div><div id=\"pg-38-3\"  class=\"panel-grid panel-no-style\" ><div id=\"pgc-38-3-0\"  class=\"panel-grid-cell\" ><div id=\"panel-38-3-0-0\" class=\"so-panel widget widget_text panel-first-child panel-last-child\" data-index=\"6\" ><h3 class=\"widget-title\">11.06. &#8211; 4. Tag: Trakai &#8211; Vilnius<\/h3>\t\t\t<div class=\"textwidget\"><p>Nach dem Fr\u00fchst\u00fcck werden Sie von Ihrer professionellen Reiseleitung begr\u00fc\u00dft, die Sie von heute an durch das Baltikum begleiten wird. Anschlie\u00dfend starten Sie zu einem Ausflug in das nahegelegene Trakai. Die in einer malerischen Seenlandschaft gelegene Kleinstadt ist vor allem f\u00fcr die auf einer Insel im See errichtete Ritterburg aus dem 14. Jh. ber\u00fchmt. Die gotische Wasserburg z\u00e4hlt zu den meistbesuchten Sehensw\u00fcrdigkeiten Litauens. Nach der Besichtigung kehren Sie nach Vilnius zur\u00fcck und erleben die sehenswerte Hauptstadt Litauens, die auf eine weit \u00fcber 600-j\u00e4hrige Geschichte zur\u00fcckblicken kann. W\u00e4hrend einer F\u00fchrung sehen Sie zahlreiche Prachtbauten verschiedenster Epochen, gro\u00dfz\u00fcgige Pl\u00e4tze, wie den weitl\u00e4ufigen Kathedralenplatz, das barocke Ensemble rund um die Bernhardinerkirche sowie die beeindruckende Universit\u00e4t. Dann haben Sie Zeit, Vilnius individuell zu erkunden.<\/p>\n<\/div>\n\t\t<\/div><\/div><div id=\"pgc-38-3-1\"  class=\"panel-grid-cell\" ><\/div><\/div><div id=\"pg-38-4\"  class=\"panel-grid panel-no-style\" ><div id=\"pgc-38-4-0\"  class=\"panel-grid-cell\" ><div id=\"panel-38-4-0-0\" class=\"so-panel widget widget_text panel-first-child panel-last-child\" data-index=\"8\" ><h3 class=\"widget-title\">12.06. &#8211; 5. Tag: Berg der Kreuze &#8211; Schloss Rundale &#8211; Riga<\/h3>\t\t\t<div class=\"textwidget\"><p>Sie fahren weiter nach Norden und statten bei Siauliai dem sogenannten \u201eBerg der Kreuze\u201c einen Besuch ab. Der H\u00fcgel, auf dem sich Tausende von Kreuzen aus allen Materialien um ein Marienbild scharen, wird als Wallfahrtsort verehrt und gilt als wichtiges Symbol des litauischen Unabh\u00e4ngigkeitsstrebens. Anschlie\u00dfend passieren Sie die litauisch-lettische Grenze. Auf dem Weg besichtigen Sie das prachtvolle Barock- und Rokokoschloss Rundale. Schloss und Park wurden nach franz\u00f6sischem Vorbild angelegt und werden deshalb oft als \u201eVersailles des Baltikums\u201c bezeichnet. Ziel des Tages ist die lettische Hauptstadt Riga, in der die n\u00e4chsten zwei \u00dcbernachtungen reserviert sind.<\/p>\n<\/div>\n\t\t<\/div><\/div><div id=\"pgc-38-4-1\"  class=\"panel-grid-cell\" ><\/div><\/div><div id=\"pg-38-5\"  class=\"panel-grid panel-no-style\" ><div id=\"pgc-38-5-0\"  class=\"panel-grid-cell\" ><div id=\"panel-38-5-0-0\" class=\"so-panel widget widget_text panel-first-child panel-last-child\" data-index=\"10\" ><h3 class=\"widget-title\">13.06. &#8211; 6. Tag: Riga<\/h3>\t\t\t<div class=\"textwidget\"><p>W\u00e4hrend einer professionellen F\u00fchrung lernen Sie diese charmante Stadt mit den vielen Gesichtern ken-nen. Hanseatische, moderne und Jugendstil-Einfl\u00fcsse pr\u00e4gen die alte Handelsstadt, die neben einer beein-druckenden Silhouette auch eine mittelalterliche, geschlossene Altstadt sowie zahlreiche architektonische Sehensw\u00fcrdigkeiten zu bieten hat. Dazu z\u00e4hlen u. a. die Petrikirche mit ihrem 123 m hohen, spitzen Turm und der Dom, der als gr\u00f6\u00dfter Sakralbau Lettlands gilt und die ber\u00fchmte Orgel mit 7.000 Pfeifen beherbergt. Nutzen Sie den Nachmittag f\u00fcr eigene Erkundungen,<br \/>\nz. B. f\u00fcr einen Bummel durch die malerischen Altstadtgassen. 1998 erkl\u00e4rte die UNESCO Rigas Altstadt zum Weltkulturerbe.<\/p>\n<\/div>\n\t\t<\/div><\/div><div id=\"pgc-38-5-1\"  class=\"panel-grid-cell\" ><\/div><\/div><div id=\"pg-38-6\"  class=\"panel-grid panel-no-style\" ><div id=\"pgc-38-6-0\"  class=\"panel-grid-cell\" ><div id=\"panel-38-6-0-0\" class=\"so-panel widget widget_text panel-first-child panel-last-child\" data-index=\"12\" ><h3 class=\"widget-title\">14.06. &#8211; 7. Tag: P\u00e4rnu &#8211; Rocca al Mare &#8211; Tallinn<\/h3>\t\t\t<div class=\"textwidget\"><p>Entlang der Rigaer Bucht geht es nordw\u00e4rts. Bei Ainazi \u00fcberqueren Sie die Grenze zu Estland, dem kleinsten der drei baltischen Staaten, und erreichen P\u00e4rnu, das als eines der sch\u00f6nsten alten Ostseeb\u00e4der gilt. Ihr Tagesziel ist die Hauptstadt Estlands, Tallinn. Bevor Sie f\u00fcr die folgenden zwei \u00dcbernachtungen Ihr Hotelzimmer beziehen, haben Sie in Rocca al Mare noch Gelegenheit, ein Freiluftmuseum zu besuchen und Interessantes \u00fcber das Dorfleben des 19. Jh. zu erfahren.<\/p>\n<\/div>\n\t\t<\/div><\/div><div id=\"pgc-38-6-1\"  class=\"panel-grid-cell\" ><\/div><\/div><div id=\"pg-38-7\"  class=\"panel-grid panel-no-style\" ><div id=\"pgc-38-7-0\"  class=\"panel-grid-cell\" ><div id=\"panel-38-7-0-0\" class=\"so-panel widget widget_text panel-first-child panel-last-child\" data-index=\"14\" ><h3 class=\"widget-title\">15.06. &#8211; 8. Tag: Tallinn<\/h3>\t\t\t<div class=\"textwidget\"><p>Die baltische Metropole am Finnischen Meerbusen lernen Sie w\u00e4hrend einer professionell gef\u00fchrten Stadtrundfahrt kennen. Mehr als andere St\u00e4dte konnte sich Tallinn, das ehemalige Reval, sein mittelalterlich-hanseatisches Gesicht bewahren. Auf dem Domberg befinden sich die eindrucksvolle Domkirche zu St. Marien und die orthodoxe Alexander-Newski-Kathedrale, in der Unterstadt der imposante Rathausplatz mit dem Rathaus aus dem 13. Jh. sowie der \u00e4ltesten noch betriebenen Apotheke Europas seit 1442. Der Nachmittag steht Ihnen in Tallinn f\u00fcr eigene Unternehmungen zur freien Verf\u00fcgung.<\/p>\n<\/div>\n\t\t<\/div><\/div><div id=\"pgc-38-7-1\"  class=\"panel-grid-cell\" ><\/div><\/div><div id=\"pg-38-8\"  class=\"panel-grid panel-no-style\" ><div id=\"pgc-38-8-0\"  class=\"panel-grid-cell\" ><div id=\"panel-38-8-0-0\" class=\"so-panel widget widget_text panel-first-child panel-last-child\" data-index=\"16\" ><h3 class=\"widget-title\">16.06. &#8211; 9. Tag: Tartu &#8211; Cesis &#8211; Sigulda &#8211; Folkloreabend<\/h3>\t\t\t<div class=\"textwidget\"><p>Sie fahren zun\u00e4chst nach Tartu und lernen das geistige Zentrum Estlands, dessen Universit\u00e4t vom Schwe-denk\u00f6nig Gustav Adolf gegr\u00fcndet wurde, bei einer professionellen F\u00fchrung kennen. Sehenswert sind u. a. der Rathausplatz in der Unterstadt und die beiden H\u00fcgel des Dombergs. Anschlie\u00dfend steht der Besuch einer der \u00e4ltesten und sch\u00f6nsten St\u00e4dte Lettlands auf dem Programm. Cesis (ehemals Wenden) besticht vor allem durch seine herrliche Altstadt mit der beeindruckenden gotischen Johanneskirche und der imposanten Ruine der Ordensburg. Der heutige Tag endet in Sigulda, im tiefeingeschnittenen Urstromtal der Gauja gelegen und einer der beliebtesten Ferienorte Lettlands. Hier verabschiedet sich das Baltikum mit einem traditionellen Folkloreabend.<\/p>\n<\/div>\n\t\t<\/div><\/div><div id=\"pgc-38-8-1\"  class=\"panel-grid-cell\" ><\/div><\/div><div id=\"pg-38-9\"  class=\"panel-grid panel-no-style\" ><div id=\"pgc-38-9-0\"  class=\"panel-grid-cell\" ><div id=\"panel-38-9-0-0\" class=\"so-panel widget widget_text panel-first-child panel-last-child\" data-index=\"18\" ><h3 class=\"widget-title\">17.06. &#8211; 10. Tag: Kaunas<\/h3>\t\t\t<div class=\"textwidget\"><p>Nach dem Fr\u00fchst\u00fcck setzen Sie die Reise fort und fahren an Riga vorbei wieder nach Litauen. Mit Kaunas erreichen Sie das letzte Reiseziel in den baltischen Staaten. Mittelpunkt der Altstadt ist der Rathausplatz, gepr\u00e4gt vom schlanken, wei\u00dfen Turm des Barock-Rathauses sowie den herrlich restaurierten B\u00fcrgerh\u00e4u-sern und vielen Kirchen. Am Abend bleibt Ihnen sicher noch Zeit, die Stadt individuell zu erkunden.<\/p>\n<\/div>\n\t\t<\/div><\/div><div id=\"pgc-38-9-1\"  class=\"panel-grid-cell\" ><\/div><\/div><div id=\"pg-38-10\"  class=\"panel-grid panel-no-style\" ><div id=\"pgc-38-10-0\"  class=\"panel-grid-cell\" ><div id=\"panel-38-10-0-0\" class=\"so-panel widget widget_text panel-first-child panel-last-child\" data-index=\"20\" ><h3 class=\"widget-title\">18.06. &#8211; 11. Tag: Ostpolen &#8211; Raum Toru\u0144\/Bydgoszcz<\/h3>\t\t\t<div class=\"textwidget\"><p>Sie verlassen Litauen am Grenz\u00fcbergang Kalvarija und fahren durch den \u00f6stlichen Teil Polens bis in den Raum Toru\u0144\/Bydgoszcz, wo die letzte \u00dcbernachtung erfolgt.<\/p>\n<p>19.06. &#8211; 12. Tag: R\u00fcckreise<\/p>\n<\/div>\n\t\t<\/div><\/div><div id=\"pgc-38-10-1\"  class=\"panel-grid-cell\" ><\/div><\/div><\/div>","protected":false},"excerpt":{"rendered":"<p>08.06. &#8211; 1. Tag: Anreise &#8211; Raum Olsztyn Am Morgen erfolgt die Anreise nach Polen bis in den Raum Olsztyn zur ersten \u00dcbernachtung. 09.06. &#8211; 2 Tag: Gdansk Danzig ist eine einmalig sch\u00f6ne Stadt, f\u00fcr die Sie sich unbedingt etwas <a href=\"https:\/\/reisen.reudnitzer-reisen.com\/baltikum\/reiseverlauf\/\"> more&#8230;<\/a><\/p>\n","protected":false},"author":1,"featured_media":0,"parent":0,"menu_order":0,"comment_status":"closed","ping_status":"closed","template":"","meta":{"footnotes":""},"_links":{"self":[{"href":"https:\/\/reisen.reudnitzer-reisen.com\/baltikum\/wp-json\/wp\/v2\/pages\/38"}],"collection":[{"href":"https:\/\/reisen.reudnitzer-reisen.com\/baltikum\/wp-json\/wp\/v2\/pages"}],"about":[{"href":"https:\/\/reisen.reudnitzer-reisen.com\/baltikum\/wp-json\/wp\/v2\/types\/page"}],"author":[{"embeddable":true,"href":"https:\/\/reisen.reudnitzer-reisen.com\/baltikum\/wp-json\/wp\/v2\/users\/1"}],"replies":[{"embeddable":true,"href":"https:\/\/reisen.reudnitzer-reisen.com\/baltikum\/wp-json\/wp\/v2\/comments?post=38"}],"version-history":[{"count":6,"href":"https:\/\/reisen.reudnitzer-reisen.com\/baltikum\/wp-json\/wp\/v2\/pages\/38\/revisions"}],"predecessor-version":[{"id":76,"href":"https:\/\/reisen.reudnitzer-reisen.com\/baltikum\/wp-json\/wp\/v2\/pages\/38\/revisions\/76"}],"wp:attachment":[{"href":"https:\/\/reisen.reudnitzer-reisen.com\/baltikum\/wp-json\/wp\/v2\/media?parent=38"}],"curies":[{"name":"wp","href":"https:\/\/api.w.org\/{rel}","templated":true}]}}

<div id="pl-38"  class="panel-layout" ><div id="pg-38-0"  class="panel-grid panel-no-style" ><div id="pgc-38-0-0"  class="panel-grid-cell" ><div id="panel-38-0-0-0" class="so-panel widget widget_text panel-first-child panel-last-child" data-index="0" ><h3 class="widget-title">08.06. &#8211; 1. Tag: Anreise &#8211; Raum Olsztyn</h3>			<div class="textwidget"><p>Am Morgen erfolgt die Anreise nach Polen bis in den Raum Olsztyn zur ersten Übernachtung.</p>
</div>
		</div></div><div id="pgc-38-0-1"  class="panel-grid-cell" ></div></div><div id="pg-38-1"  class="panel-grid panel-no-style" ><div id="pgc-38-1-0"  class="panel-grid-cell" ><div id="panel-38-1-0-0" class="so-panel widget widget_text panel-first-child panel-last-child" data-index="2" ><h3 class="widget-title">09.06. &#8211; 2 Tag: Gdansk</h3>			<div class="textwidget"><p>Danzig ist eine einmalig schöne Stadt, für die Sie sich unbedingt etwas Zeit nehmen sollten. Sie sind be-stimmt begeistert von den Bürgerhäusern und der Speicherstadt, die nach dem Krieg liebevoll rekonstruiert bzw. wiederaufgebaut wurden. Dieser Tag bietet Ihnen außerdem die Möglichkeit, selbst auf Entdeckungsreise zu gehen. Sie stimmen uns sicher zu: Danzig ist eine Stadt, in die man gerne wiederkommt!</p>
</div>
		</div></div><div id="pgc-38-1-1"  class="panel-grid-cell" ></div></div><div id="pg-38-2"  class="panel-grid panel-no-style" ><div id="pgc-38-2-0"  class="panel-grid-cell" ><div id="panel-38-2-0-0" class="so-panel widget widget_text panel-first-child panel-last-child" data-index="4" ><h3 class="widget-title">10.06. &#8211; 3. Tag: Polen &#8211; Litauen &#8211; Vilnius</h3>			<div class="textwidget"><p>Weiter geht die Reise durch Polen, über die polnisch-litauische Grenze, bis Sie Vilnius, die Hauptstadt des größten der drei baltischen Staaten, erreichen. Hier haben wir die nächsten zwei Übernachtungen gebucht.</p>
</div>
		</div></div><div id="pgc-38-2-1"  class="panel-grid-cell" ></div></div><div id="pg-38-3"  class="panel-grid panel-no-style" ><div id="pgc-38-3-0"  class="panel-grid-cell" ><div id="panel-38-3-0-0" class="so-panel widget widget_text panel-first-child panel-last-child" data-index="6" ><h3 class="widget-title">11.06. &#8211; 4. Tag: Trakai &#8211; Vilnius</h3>			<div class="textwidget"><p>Nach dem Frühstück werden Sie von Ihrer professionellen Reiseleitung begrüßt, die Sie von heute an durch das Baltikum begleiten wird. Anschließend starten Sie zu einem Ausflug in das nahegelegene Trakai. Die in einer malerischen Seenlandschaft gelegene Kleinstadt ist vor allem für die auf einer Insel im See errichtete Ritterburg aus dem 14. Jh. berühmt. Die gotische Wasserburg zählt zu den meistbesuchten Sehenswürdigkeiten Litauens. Nach der Besichtigung kehren Sie nach Vilnius zurück und erleben die sehenswerte Hauptstadt Litauens, die auf eine weit über 600-jährige Geschichte zurückblicken kann. Während einer Führung sehen Sie zahlreiche Prachtbauten verschiedenster Epochen, großzügige Plätze, wie den weitläufigen Kathedralenplatz, das barocke Ensemble rund um die Bernhardinerkirche sowie die beeindruckende Universität. Dann haben Sie Zeit, Vilnius individuell zu erkunden.</p>
</div>
		</div></div><div id="pgc-38-3-1"  class="panel-grid-cell" ></div></div><div id="pg-38-4"  class="panel-grid panel-no-style" ><div id="pgc-38-4-0"  class="panel-grid-cell" ><div id="panel-38-4-0-0" class="so-panel widget widget_text panel-first-child panel-last-child" data-index="8" ><h3 class="widget-title">12.06. &#8211; 5. Tag: Berg der Kreuze &#8211; Schloss Rundale &#8211; Riga</h3>			<div class="textwidget"><p>Sie fahren weiter nach Norden und statten bei Siauliai dem sogenannten „Berg der Kreuze“ einen Besuch ab. Der Hügel, auf dem sich Tausende von Kreuzen aus allen Materialien um ein Marienbild scharen, wird als Wallfahrtsort verehrt und gilt als wichtiges Symbol des litauischen Unabhängigkeitsstrebens. Anschließend passieren Sie die litauisch-lettische Grenze. Auf dem Weg besichtigen Sie das prachtvolle Barock- und Rokokoschloss Rundale. Schloss und Park wurden nach französischem Vorbild angelegt und werden deshalb oft als „Versailles des Baltikums“ bezeichnet. Ziel des Tages ist die lettische Hauptstadt Riga, in der die nächsten zwei Übernachtungen reserviert sind.</p>
</div>
		</div></div><div id="pgc-38-4-1"  class="panel-grid-cell" ></div></div><div id="pg-38-5"  class="panel-grid panel-no-style" ><div id="pgc-38-5-0"  class="panel-grid-cell" ><div id="panel-38-5-0-0" class="so-panel widget widget_text panel-first-child panel-last-child" data-index="10" ><h3 class="widget-title">13.06. &#8211; 6. Tag: Riga</h3>			<div class="textwidget"><p>Während einer professionellen Führung lernen Sie diese charmante Stadt mit den vielen Gesichtern ken-nen. Hanseatische, moderne und Jugendstil-Einflüsse prägen die alte Handelsstadt, die neben einer beein-druckenden Silhouette auch eine mittelalterliche, geschlossene Altstadt sowie zahlreiche architektonische Sehenswürdigkeiten zu bieten hat. Dazu zählen u. a. die Petrikirche mit ihrem 123 m hohen, spitzen Turm und der Dom, der als größter Sakralbau Lettlands gilt und die berühmte Orgel mit 7.000 Pfeifen beherbergt. Nutzen Sie den Nachmittag für eigene Erkundungen,<br />
z. B. für einen Bummel durch die malerischen Altstadtgassen. 1998 erklärte die UNESCO Rigas Altstadt zum Weltkulturerbe.</p>
</div>
		</div></div><div id="pgc-38-5-1"  class="panel-grid-cell" ></div></div><div id="pg-38-6"  class="panel-grid panel-no-style" ><div id="pgc-38-6-0"  class="panel-grid-cell" ><div id="panel-38-6-0-0" class="so-panel widget widget_text panel-first-child panel-last-child" data-index="12" ><h3 class="widget-title">14.06. &#8211; 7. Tag: Pärnu &#8211; Rocca al Mare &#8211; Tallinn</h3>			<div class="textwidget"><p>Entlang der Rigaer Bucht geht es nordwärts. Bei Ainazi überqueren Sie die Grenze zu Estland, dem kleinsten der drei baltischen Staaten, und erreichen Pärnu, das als eines der schönsten alten Ostseebäder gilt. Ihr Tagesziel ist die Hauptstadt Estlands, Tallinn. Bevor Sie für die folgenden zwei Übernachtungen Ihr Hotelzimmer beziehen, haben Sie in Rocca al Mare noch Gelegenheit, ein Freiluftmuseum zu besuchen und Interessantes über das Dorfleben des 19. Jh. zu erfahren.</p>
</div>
		</div></div><div id="pgc-38-6-1"  class="panel-grid-cell" ></div></div><div id="pg-38-7"  class="panel-grid panel-no-style" ><div id="pgc-38-7-0"  class="panel-grid-cell" ><div id="panel-38-7-0-0" class="so-panel widget widget_text panel-first-child panel-last-child" data-index="14" ><h3 class="widget-title">15.06. &#8211; 8. Tag: Tallinn</h3>			<div class="textwidget"><p>Die baltische Metropole am Finnischen Meerbusen lernen Sie während einer professionell geführten Stadtrundfahrt kennen. Mehr als andere Städte konnte sich Tallinn, das ehemalige Reval, sein mittelalterlich-hanseatisches Gesicht bewahren. Auf dem Domberg befinden sich die eindrucksvolle Domkirche zu St. Marien und die orthodoxe Alexander-Newski-Kathedrale, in der Unterstadt der imposante Rathausplatz mit dem Rathaus aus dem 13. Jh. sowie der ältesten noch betriebenen Apotheke Europas seit 1442. Der Nachmittag steht Ihnen in Tallinn für eigene Unternehmungen zur freien Verfügung.</p>
</div>
		</div></div><div id="pgc-38-7-1"  class="panel-grid-cell" ></div></div><div id="pg-38-8"  class="panel-grid panel-no-style" ><div id="pgc-38-8-0"  class="panel-grid-cell" ><div id="panel-38-8-0-0" class="so-panel widget widget_text panel-first-child panel-last-child" data-index="16" ><h3 class="widget-title">16.06. &#8211; 9. Tag: Tartu &#8211; Cesis &#8211; Sigulda &#8211; Folkloreabend</h3>			<div class="textwidget"><p>Sie fahren zunächst nach Tartu und lernen das geistige Zentrum Estlands, dessen Universität vom Schwe-denkönig Gustav Adolf gegründet wurde, bei einer professionellen Führung kennen. Sehenswert sind u. a. der Rathausplatz in der Unterstadt und die beiden Hügel des Dombergs. Anschließend steht der Besuch einer der ältesten und schönsten Städte Lettlands auf dem Programm. Cesis (ehemals Wenden) besticht vor allem durch seine herrliche Altstadt mit der beeindruckenden gotischen Johanneskirche und der imposanten Ruine der Ordensburg. Der heutige Tag endet in Sigulda, im tiefeingeschnittenen Urstromtal der Gauja gelegen und einer der beliebtesten Ferienorte Lettlands. Hier verabschiedet sich das Baltikum mit einem traditionellen Folkloreabend.</p>
</div>
		</div></div><div id="pgc-38-8-1"  class="panel-grid-cell" ></div></div><div id="pg-38-9"  class="panel-grid panel-no-style" ><div id="pgc-38-9-0"  class="panel-grid-cell" ><div id="panel-38-9-0-0" class="so-panel widget widget_text panel-first-child panel-last-child" data-index="18" ><h3 class="widget-title">17.06. &#8211; 10. Tag: Kaunas</h3>			<div class="textwidget"><p>Nach dem Frühstück setzen Sie die Reise fort und fahren an Riga vorbei wieder nach Litauen. Mit Kaunas erreichen Sie das letzte Reiseziel in den baltischen Staaten. Mittelpunkt der Altstadt ist der Rathausplatz, geprägt vom schlanken, weißen Turm des Barock-Rathauses sowie den herrlich restaurierten Bürgerhäu-sern und vielen Kirchen. Am Abend bleibt Ihnen sicher noch Zeit, die Stadt individuell zu erkunden.</p>
</div>
		</div></div><div id="pgc-38-9-1"  class="panel-grid-cell" ></div></div><div id="pg-38-10"  class="panel-grid panel-no-style" ><div id="pgc-38-10-0"  class="panel-grid-cell" ><div id="panel-38-10-0-0" class="so-panel widget widget_text panel-first-child panel-last-child" data-index="20" ><h3 class="widget-title">18.06. &#8211; 11. Tag: Ostpolen &#8211; Raum Toruń/Bydgoszcz</h3>			<div class="textwidget"><p>Sie verlassen Litauen am Grenzübergang Kalvarija und fahren durch den östlichen Teil Polens bis in den Raum Toruń/Bydgoszcz, wo die letzte Übernachtung erfolgt.</p>
<p>19.06. &#8211; 12. Tag: Rückreise</p>
</div>
		</div></div><div id="pgc-38-10-1"  class="panel-grid-cell" ></div></div></div>

<p>08.06. &#8211; 1. Tag: Anreise &#8211; Raum Olsztyn Am Morgen erfolgt die Anreise nach Polen bis in den Raum Olsztyn zur ersten Übernachtung. 09.06. &#8211; 2 Tag: Gdansk Danzig ist eine einmalig schöne Stadt, für die Sie sich unbedingt etwas <a href="https://reisen.reudnitzer-reisen.com/baltikum/reiseverlauf/"> more&#8230;</a></p>
